{"id":6429,"date":"2017-09-11T10:27:10","date_gmt":"2017-09-11T08:27:10","guid":{"rendered":"https:\/\/www.blumen-schwarz.de\/aktuell\/?post_type=product&#038;p=6429"},"modified":"2021-09-09T10:50:37","modified_gmt":"2021-09-09T08:50:37","slug":"pflanzen-ueberwinterung","status":"publish","type":"product","link":"https:\/\/www.blumen-schwarz.de\/aktuell\/produkt\/pflanzen-ueberwinterung\/","title":{"rendered":"Auftrag Pflanzen-\u00dcberwinterung"},"content":{"rendered":"","protected":false},"excerpt":{"rendered":"<p>Dieser Artikel beinhaltet die Zustimmung zu unserem<a href=\"https:\/\/www.blumen-schwarz.de\/aktuell\/gartenbau\/ueberwinterung\/ueberwinterungsvertrag\/\"> \u00dcberwinterungsvertrag <\/a>und der dazugeh\u00f6rige<a href=\"https:\/\/www.blumen-schwarz.de\/aktuell\/gartenbau\/ueberwinterung\/preisliste\/\"> Preisliste.<\/a><\/p>\n<p>Die \u00dcberwinterungskosten werden nach der Preisliste berechnet. <strong>Der angezeigte Webshoppreis\u00a0 dient nur zur reibungslosen Bestellung (Umgehung des Mindestbestellwertes).<\/strong><\/p>\n<p>Die Informationen \u00fcber Lieferung- und Abholung (inklusive der dazugeh\u00f6rigen Preise) finden Sie <a href=\"https:\/\/www.blumen-schwarz.de\/aktuell\/gartenbau\/ueberwinterung\/termine\/\">hier.<\/a><\/p>\n<p>Bitte verwenden Sie (es ist ein komplexes Thema) f\u00fcr weitere Informationen <a href=\"https:\/\/www.blumen-schwarz.de\/aktuell\/gartenbau\/ueberwinterung\/\">unsere ausf\u00fchrlichen Erl\u00e4uterungen.<\/a><\/p>\n<p>\u00c4nderungen an der Pflanzenanzahl oder (wenn Sie nicht alle Pflanzen bei uns \u00fcberwintern wollen) eine exakte Beschreibung, welche Pflanzen wir abholen sollen, tippen Sie bitte beim abschlie\u00dfenden Bestellvorgang in das Kommentarfeld. Vielen Dank.<\/p>\n","protected":false},"featured_media":6420,"comment_status":"closed","ping_status":"closed","template":"","meta":{"inline_featured_image":false},"product_brand":[],"product_cat":[764,765],"product_tag":[779,780,777,778],"class_list":{"0":"post-6429","1":"product","2":"type-product","3":"status-publish","4":"has-post-thumbnail","6":"product_cat-dienstleistung","7":"product_cat-ueberwinterung","8":"product_tag-auftrag","9":"product_tag-dienstleistung","10":"product_tag-ueberwinterungsvertrag","11":"product_tag-vertrag","12":"thunk-woo-product-list","13":"open-woo-hover-zoom","14":"open-single-product-tab-horizontal","15":"open-shadow-","16":"open-shadow-hover-","17":"wcpa_has_options","19":"first","20":"instock","21":"taxable","22":"shipping-taxable","23":"purchasable","24":"product-type-simple"},"wcpa_form_fields":{"wcpaData":{"product":{"product_price":21,"price_html":"<span class=\"woocommerce-Price-amount amount\"><bdi>21,00&nbsp;<span class=\"woocommerce-Price-currencySymbol\">&euro;<\/span><\/bdi><\/span>","original_product_price":21,"price_including_tax":21,"price_excluding_tax":17.647059,"product_id":{"parent":6429,"variation":false},"is_variable":false,"stock_status":"instock","stock_quantity":null,"parent_sku":"6","product_attributes":[],"custom_fields":[],"is_taxable":true,"product_name":"Auftrag Pflanzen-\u00dcberwinterung","hasImage":false},"fields":{"sec_269e84ef3846fc":{"extra":{"key":"sec_269e84ef3846fc","section_id":"sec_269e84ef3846fc","name":"Default","status":1,"cl_rule":"show","enableCl":false,"relations":[],"toggle":true,"title_tag":"h3","show_title":false,"showPrice":"default","form_id":256170,"form_rules":{"exclude_from_discount":false,"fee_label":"Steuer","disp_hide_options_price":false,"disp_show_section_price":false,"disp_show_field_price":true,"layout_option":"standard","pric_use_as_fee":false,"process_fee_as":"woo_fee"},"layout_option":"standard"},"fields":[[{"type":"select","elementId":"wcpa-select-1631177139183","label":"\u00dcberwinterungsvertrag","description":"Bitte lesen Sie den Vertrag sorgf\u00e4ltig und stimmen ihn hier zu.","priceOptions":"different_for_all","pricingType":"fixed","name":"select-1631177139183","cl_rule":"show","col":6,"values":[{"label":"Ja ich habe den \u00dcberwinterungsvertrag sorgf\u00e4ltig glesen und Stimme ihm zu.","value":"Zustimmung","price":"","pimage":"","pimage_id":"","pthumb":"","gt_translate_keys":["label"]},{"label":"Nein, ich stimme dem \u00dcberwinterungsvertag nicht zu.","value":"Ablehnung","price":"","pimage":"","pimage_id":"","pthumb":"","selected":true,"gt_translate_keys":["label"]}],"relations":false,"active":true,"tooltip":"","gt_translate_keys":["label","description","tooltip"],"price_dependency":false,"cl_dependency":false,"value":""}],[{"type":"select","elementId":"wcpa-select-1631177145595","label":"Pflanzentransport","description":"Bitte geben Sie uns R\u00fcckmeldung, wie die Pflanzen zu uns kommen.","priceOptions":"different_for_all","pricingType":"fixed","name":"select-1631177145595","cl_rule":"show","col":6,"values":[{"label":"Anlieferung und Abholung durch den Kunden ","value":"Kunde","price":"","pimage":"","pimage_id":"","pthumb":"","selected":true,"gt_translate_keys":["label"]},{"label":"Anlieferung und Abholung zu den Pauschalterminen","value":"pauschal","price":"","pimage":"","pimage_id":"","pthumb":"","gt_translate_keys":["label"]},{"label":"Anlieferung und Abholung zu individuellen Terminen","value":"individuell","price":"","pimage":"","pimage_id":"","pthumb":"","gt_translate_keys":["label"]}],"relations":false,"active":true,"tooltip":"","gt_translate_keys":["label","description","tooltip"],"price_dependency":false,"cl_dependency":false,"value":""}],[{"type":"number","elementId":"wcpa-number-1631177610348","label":"Ihre Anzahl an \u00dcberwinterungspflanzen","description":"Bitte geben Sie uns die ungef\u00e4hre Anzahl der Pflanzen an.","pricingType":"fixed","name":"number-1631177610348","cl_rule":"show","col":6,"relations":false,"active":true,"tooltip":"","gt_translate_keys":["label","description","tooltip"],"price_dependency":false,"cl_dependency":false,"value":""}]]}},"config":{"price_override":"","enable_recaptcha":false,"bind_quantity":false,"quantity_bind_formula":false,"disp_summ_show_option_price":true,"disp_summ_show_product_price":true,"disp_summ_show_total_price":true,"disp_summ_show_fee":false,"disp_summ_show_discount":false,"summary_title":"","options_total_label":"ausgew\u00e4hlter Preis","total_label":"Komplett","options_product_label":"Produkt Preis","fee_label":"Steuer","discount_label":"Discount","has_price":true,"has_quantity_formula":false},"mc_unit":1,"tax_rate":1,"tax_rate_real":0.19,"discount":{"percentage":0,"fixed":0},"design":{"conf":{"LabelPosition":"above","DescPosition":"above","UploadField":"custom_1","QuantityFieldStyle":"default"},"css":{"LeftLabelWidth":"120px"}},"formulas":[],"lookuptables":[],"clones":false,"cartKey":false}},"_links":{"self":[{"href":"https:\/\/www.blumen-schwarz.de\/aktuell\/wp-json\/wp\/v2\/product\/6429","targetHints":{"allow":["GET"]}}],"collection":[{"href":"https:\/\/www.blumen-schwarz.de\/aktuell\/wp-json\/wp\/v2\/product"}],"about":[{"href":"https:\/\/www.blumen-schwarz.de\/aktuell\/wp-json\/wp\/v2\/types\/product"}],"replies":[{"embeddable":true,"href":"https:\/\/www.blumen-schwarz.de\/aktuell\/wp-json\/wp\/v2\/comments?post=6429"}],"wp:featuredmedia":[{"embeddable":true,"href":"https:\/\/www.blumen-schwarz.de\/aktuell\/wp-json\/wp\/v2\/media\/6420"}],"wp:attachment":[{"href":"https:\/\/www.blumen-schwarz.de\/aktuell\/wp-json\/wp\/v2\/media?parent=6429"}],"wp:term":[{"taxonomy":"product_brand","embeddable":true,"href":"https:\/\/www.blumen-schwarz.de\/aktuell\/wp-json\/wp\/v2\/product_brand?post=6429"},{"taxonomy":"product_cat","embeddable":true,"href":"https:\/\/www.blumen-schwarz.de\/aktuell\/wp-json\/wp\/v2\/product_cat?post=6429"},{"taxonomy":"product_tag","embeddable":true,"href":"https:\/\/www.blumen-schwarz.de\/aktuell\/wp-json\/wp\/v2\/product_tag?post=6429"}],"curies":[{"name":"wp","href":"https:\/\/api.w.org\/{rel}","templated":true}]}}