{"id":289585,"date":"2026-08-31T08:18:24","date_gmt":"2026-08-31T06:18:08","guid":{"rendered":"https:\/\/www.blumen-schwarz.de\/aktuell\/produkt\/viburnum-tinus-hst\/"},"modified":"2026-08-31T08:18:25","modified_gmt":"2026-08-31T06:18:25","slug":"viburnum-tinus-hst","status":"publish","type":"product","link":"https:\/\/www.blumen-schwarz.de\/aktuell\/produkt\/viburnum-tinus-hst\/","title":{"rendered":"Viburnum tinus HST"},"content":{"rendered":"<p>Mittelmeerschneeball<br \/>Viburnum tinus<br \/>Caprifoliaceae<br \/>Bl\u00fcte: wei\u00df, Dezember - M\u00e4rz<br \/> Blatt: wintergr\u00fcn, gl\u00e4nzend<br \/> Wuchsh\u00f6he: 1,5 - 2m<br \/> Standort: sonnig, gesch\u00fctzte Lage<br \/> Sonstiges: im Winter empfindlicher, aber sehr dekorativer Schneeball<\/p>\n","protected":false},"excerpt":{"rendered":"<br \/>\n","protected":false},"featured_media":289586,"comment_status":"open","ping_status":"closed","template":"","meta":{"inline_featured_image":false},"product_brand":[],"product_cat":[1258,1728],"product_tag":[],"class_list":["post-289585","product","type-product","status-publish","has-post-thumbnail","product_cat-pflanzen","product_cat-sommersortiment","thunk-woo-product-list","open-woo-hover-zoom","open-single-product-tab-horizontal","open-shadow-","open-shadow-hover-","first","instock","taxable","shipping-taxable","purchasable","product-type-simple"],"wcpa_form_fields":null,"_links":{"self":[{"href":"https:\/\/www.blumen-schwarz.de\/aktuell\/wp-json\/wp\/v2\/product\/289585","targetHints":{"allow":["GET"]}}],"collection":[{"href":"https:\/\/www.blumen-schwarz.de\/aktuell\/wp-json\/wp\/v2\/product"}],"about":[{"href":"https:\/\/www.blumen-schwarz.de\/aktuell\/wp-json\/wp\/v2\/types\/product"}],"replies":[{"embeddable":true,"href":"https:\/\/www.blumen-schwarz.de\/aktuell\/wp-json\/wp\/v2\/comments?post=289585"}],"wp:featuredmedia":[{"embeddable":true,"href":"https:\/\/www.blumen-schwarz.de\/aktuell\/wp-json\/wp\/v2\/media\/289586"}],"wp:attachment":[{"href":"https:\/\/www.blumen-schwarz.de\/aktuell\/wp-json\/wp\/v2\/media?parent=289585"}],"wp:term":[{"taxonomy":"product_brand","embeddable":true,"href":"https:\/\/www.blumen-schwarz.de\/aktuell\/wp-json\/wp\/v2\/product_brand?post=289585"},{"taxonomy":"product_cat","embeddable":true,"href":"https:\/\/www.blumen-schwarz.de\/aktuell\/wp-json\/wp\/v2\/product_cat?post=289585"},{"taxonomy":"product_tag","embeddable":true,"href":"https:\/\/www.blumen-schwarz.de\/aktuell\/wp-json\/wp\/v2\/product_tag?post=289585"}],"curies":[{"name":"wp","href":"https:\/\/api.w.org\/{rel}","templated":true}]}}

<p>Mittelmeerschneeball<br />Viburnum tinus<br />Caprifoliaceae<br />Blüte: weiß, Dezember - März<br /> Blatt: wintergrün, glänzend<br /> Wuchshöhe: 1,5 - 2m<br /> Standort: sonnig, geschützte Lage<br /> Sonstiges: im Winter empfindlicher, aber sehr dekorativer Schneeball</p>
