{"id":277053,"date":"2026-04-21T14:55:54","date_gmt":"2023-08-15T15:20:44","guid":{"rendered":"https:\/\/www.blumen-schwarz.de\/aktuell\/produkt\/prunus-lauro-novita-t17-kirschlorbeer-2\/"},"modified":"2026-04-21T14:55:56","modified_gmt":"2026-04-21T12:55:56","slug":"prunus-lauro-novita-t17-kirschlorbeer-2","status":"publish","type":"product","link":"https:\/\/www.blumen-schwarz.de\/aktuell\/produkt\/prunus-lauro-novita-t17-kirschlorbeer-2\/","title":{"rendered":"Prunus lauro. -Genolia- T17 - S\u00e4ulen-Kirschlorbeer"},"content":{"rendered":"<p>Kirschlorbeer<br \/>Prunus laurocerasus Genolia<br \/>Rosaceae<br \/>Bl\u00fcte: wei\u00dfe Rispen, ab Mitte April<br \/> Blatt: gl\u00e4nzend, immergr\u00fcn, \u00e4hnlich dem echten Lorbeer<br \/> Wuchsh\u00f6he: 200 cm<br \/> Standort: halbschattiger - schattiger Standort<br \/> Sonstiges: empfindliche gegen Wintersonne, problemlos im Schnitt<\/p>\n","protected":false},"excerpt":{"rendered":"<p> _ <\/p>\n","protected":false},"featured_media":280779,"comment_status":"open","ping_status":"closed","template":"","meta":{"inline_featured_image":false},"product_brand":[],"product_cat":[1259,1258],"product_tag":[2073,2224,1767,2232,1507,1591,1500],"class_list":{"0":"post-277053","1":"product","2":"type-product","3":"status-publish","4":"has-post-thumbnail","6":"product_cat-gehoelze","7":"product_cat-pflanzen","8":"product_tag-eigenproduktion","9":"product_tag-heckenpflanze","10":"product_tag-hecke","11":"product_tag-immergruenes","12":"product_tag-staude","13":"product_tag-strauch","14":"product_tag-winterhart","15":"thunk-woo-product-list","16":"open-woo-hover-zoom","17":"open-single-product-tab-horizontal","18":"open-shadow-","19":"open-shadow-hover-","20":"wcpa_has_options","22":"first","23":"outofstock","24":"taxable","25":"shipping-taxable","26":"purchasable","27":"product-type-simple"},"wcpa_form_fields":{"wcpaData":{"product":{"product_price":9.99,"price_html":"<span class=\"woocommerce-Price-amount amount\"><bdi>9,99&nbsp;<span class=\"woocommerce-Price-currencySymbol\">&euro;<\/span><\/bdi><\/span>","original_product_price":9.99,"price_including_tax":9.99,"price_excluding_tax":9.336449,"product_id":{"parent":277053,"variation":false},"is_variable":false,"stock_status":"outofstock","stock_quantity":0,"parent_sku":"8350926417","product_attributes":[],"custom_fields":[],"is_taxable":true,"product_name":"Prunus lauro. -Genolia- T17 - S\u00e4ulen-Kirschlorbeer","hasImage":false},"fields":{"sec_569f62bc6be6cd":{"extra":{"key":"sec_569f62bc6be6cd","section_id":"sec_569f62bc6be6cd","name":"Default","status":1,"cl_rule":"show","enableCl":false,"relations":[],"toggle":true,"title_tag":"h3","show_title":false,"showPrice":"default","form_id":245222,"form_rules":{"exclude_from_discount":false,"fee_label":"Steuer","disp_hide_options_price":false,"disp_show_section_price":false,"disp_show_field_price":true,"layout_option":"standard","pric_use_as_fee":false,"process_fee_as":"woo_fee"},"layout_option":"standard"},"fields":[[{"type":"textarea","elementId":"wcpa-textarea-1608033486494","label":"zus. W\u00fcnsche (Farbe, Form o.\u00e4.)","description":"","desc_type":true,"pricingType":"fixed","rows":"2","className":"form-control","name":"textarea-1608033486494","cl_rule":"show","col":6,"relations":false,"active":true,"tooltip":"Hier k\u00f6nnen Sie, falls der Artikel nicht eindeutig ist, Ihre W\u00fcnsche eintragen. Im Zweifelsfall lassen Sie dieses Feld einfach leer.","gt_translate_keys":["label","description","tooltip"],"price_dependency":false,"cl_dependency":false,"value":""}]]}},"config":{"price_override":"","enable_recaptcha":false,"bind_quantity":false,"quantity_bind_formula":false,"disp_summ_show_option_price":true,"disp_summ_show_product_price":true,"disp_summ_show_total_price":true,"disp_summ_show_fee":false,"disp_summ_show_discount":false,"summary_title":"","options_total_label":"ausgew\u00e4hlter Preis","total_label":"Komplett","options_product_label":"Produkt Preis","fee_label":"Steuer","discount_label":"Discount","has_price":true,"has_quantity_formula":false},"mc_unit":1,"tax_rate":1,"tax_rate_real":0.07,"discount":{"percentage":0,"fixed":0},"design":{"conf":{"LabelPosition":"above","DescPosition":"above","UploadField":"custom_1","QuantityFieldStyle":"default"},"css":{"LeftLabelWidth":"120px"}},"formulas":[],"lookuptables":[],"clones":false,"cartKey":false}},"_links":{"self":[{"href":"https:\/\/www.blumen-schwarz.de\/aktuell\/wp-json\/wp\/v2\/product\/277053","targetHints":{"allow":["GET"]}}],"collection":[{"href":"https:\/\/www.blumen-schwarz.de\/aktuell\/wp-json\/wp\/v2\/product"}],"about":[{"href":"https:\/\/www.blumen-schwarz.de\/aktuell\/wp-json\/wp\/v2\/types\/product"}],"replies":[{"embeddable":true,"href":"https:\/\/www.blumen-schwarz.de\/aktuell\/wp-json\/wp\/v2\/comments?post=277053"}],"wp:featuredmedia":[{"embeddable":true,"href":"https:\/\/www.blumen-schwarz.de\/aktuell\/wp-json\/wp\/v2\/media\/280779"}],"wp:attachment":[{"href":"https:\/\/www.blumen-schwarz.de\/aktuell\/wp-json\/wp\/v2\/media?parent=277053"}],"wp:term":[{"taxonomy":"product_brand","embeddable":true,"href":"https:\/\/www.blumen-schwarz.de\/aktuell\/wp-json\/wp\/v2\/product_brand?post=277053"},{"taxonomy":"product_cat","embeddable":true,"href":"https:\/\/www.blumen-schwarz.de\/aktuell\/wp-json\/wp\/v2\/product_cat?post=277053"},{"taxonomy":"product_tag","embeddable":true,"href":"https:\/\/www.blumen-schwarz.de\/aktuell\/wp-json\/wp\/v2\/product_tag?post=277053"}],"curies":[{"name":"wp","href":"https:\/\/api.w.org\/{rel}","templated":true}]}}