{"id":273945,"date":"2023-08-07T16:19:02","date_gmt":"2023-05-05T16:53:45","guid":{"rendered":"https:\/\/www.blumen-schwarz.de\/aktuell\/produkt\/oxypetalum-coeruleum-60-cm-bund-enthaelt-25-3\/"},"modified":"2023-08-07T16:19:05","modified_gmt":"2023-08-07T14:19:05","slug":"oxypetalum-coeruleum-60-cm-bund-enthaelt-25-3","status":"publish","type":"product","link":"https:\/\/www.blumen-schwarz.de\/aktuell\/produkt\/oxypetalum-coeruleum-60-cm-bund-enthaelt-25-3\/","title":{"rendered":"Oxypetalum coeruleum 60 cm Bund enth\u00e4lt 25"},"content":{"rendered":"<p>Bundware Schnittblumen<\/p>\n<p>Unsere Bundware kommt in der Orginalumverpackung. Die Schnittblumen sind nicht geputzt oder angeschnitten. <\/p>\n<p> Bestellungen sind m\u00f6glich Montag bis Donnerstag ab ungef\u00e4hr 17 Uhr bis sp\u00e4testens 2 Uhr nachts. Die Schnittblumen sind am Folgetag ab 7 Uhr in Schwabach und ab 9 Uhr in Rutzendorf abholbar.<br \/> Samstags kann ab ungef\u00e4hr 11 Uhr zur Abholung am Montag bestellt werden.<\/p>\n<p> Bitte beachten Sie, dass die Verf\u00fcgbarkeit nicht garantiert ist!<br \/> Ein Aufbinden, Putzen und Weiterverarbeiten Ihrer Bestellung ist zu unseren aktuellen Stundenl\u00f6hnen m\u00f6glich.<br \/> Versand per Paketdienst erfolgt immer einen Tag sp\u00e4ter. <\/p>\n<p> Leider haben wir aktuell noch keine M\u00f6glichkeit Herkunft, Umweltschutz und andere Hinweise zu erfassen, bzw. anzuzeigen. Die angebotenen Blumen sind KEINE Eigenproduktion und auch gr\u00f6\u00dftenteils NICHT regional.<\/p>\n","protected":false},"excerpt":{"rendered":"<p> Einzelpreis pro Stiel \/ Topf: 0,81<\/p>\n","protected":false},"featured_media":273944,"comment_status":"open","ping_status":"closed","template":"","meta":{"inline_featured_image":false},"product_brand":[],"product_cat":[832],"product_tag":[3049,3054],"class_list":{"0":"post-273945","1":"product","2":"type-product","3":"status-publish","4":"has-post-thumbnail","6":"product_cat-unkategorisiert","7":"product_tag-bundware","8":"product_tag-sonstiges","9":"thunk-woo-product-list","10":"open-woo-hover-zoom","11":"open-single-product-tab-horizontal","12":"open-shadow-","13":"open-shadow-hover-","15":"first","16":"outofstock","17":"taxable","18":"shipping-taxable","19":"purchasable","20":"product-type-simple"},"wcpa_form_fields":null,"_links":{"self":[{"href":"https:\/\/www.blumen-schwarz.de\/aktuell\/wp-json\/wp\/v2\/product\/273945","targetHints":{"allow":["GET"]}}],"collection":[{"href":"https:\/\/www.blumen-schwarz.de\/aktuell\/wp-json\/wp\/v2\/product"}],"about":[{"href":"https:\/\/www.blumen-schwarz.de\/aktuell\/wp-json\/wp\/v2\/types\/product"}],"replies":[{"embeddable":true,"href":"https:\/\/www.blumen-schwarz.de\/aktuell\/wp-json\/wp\/v2\/comments?post=273945"}],"wp:featuredmedia":[{"embeddable":true,"href":"https:\/\/www.blumen-schwarz.de\/aktuell\/wp-json\/wp\/v2\/media\/273944"}],"wp:attachment":[{"href":"https:\/\/www.blumen-schwarz.de\/aktuell\/wp-json\/wp\/v2\/media?parent=273945"}],"wp:term":[{"taxonomy":"product_brand","embeddable":true,"href":"https:\/\/www.blumen-schwarz.de\/aktuell\/wp-json\/wp\/v2\/product_brand?post=273945"},{"taxonomy":"product_cat","embeddable":true,"href":"https:\/\/www.blumen-schwarz.de\/aktuell\/wp-json\/wp\/v2\/product_cat?post=273945"},{"taxonomy":"product_tag","embeddable":true,"href":"https:\/\/www.blumen-schwarz.de\/aktuell\/wp-json\/wp\/v2\/product_tag?post=273945"}],"curies":[{"name":"wp","href":"https:\/\/api.w.org\/{rel}","templated":true}]}}