{"id":268584,"date":"2024-06-18T15:00:39","date_gmt":"2023-02-28T13:52:42","guid":{"rendered":"https:\/\/www.blumen-schwarz.de\/aktuell\/produkt\/bayer-garten-ungezieferkoederdose-2-stueck\/"},"modified":"2024-06-18T15:00:40","modified_gmt":"2024-06-18T13:00:40","slug":"bayer-garten-ungezieferkoederdose-2-stueck","status":"publish","type":"product","link":"https:\/\/www.blumen-schwarz.de\/aktuell\/produkt\/bayer-garten-ungezieferkoederdose-2-stueck\/","title":{"rendered":"Protect Home Forminex Ungeziefer K\u00f6derdose 2 St\u00fcck"},"content":{"rendered":"","protected":false},"excerpt":{"rendered":"\n<p> \u2022 Schnell &amp; zuverl\u00e4ssig <\/p>\n<p> \u2022 Spezielle K\u00f6derwirkung <\/p>\n<p> Zugelassen f\u00fcr die Bek\u00e4mpfung von Schaben f\u00fcr eine dauerhafte<\/p>\n<p> Ungezieferbehandlung im Haus.<\/p>\n","protected":false},"featured_media":268583,"comment_status":"open","ping_status":"closed","template":"","meta":{"inline_featured_image":false},"product_brand":[],"product_cat":[1399,1397],"product_tag":[3018,3020,2427,2421,3019],"class_list":{"0":"post-268584","1":"product","2":"type-product","3":"status-publish","4":"has-post-thumbnail","6":"product_cat-duenger","7":"product_cat-gartenbedarf","8":"product_tag-bchr","9":"product_tag-hygienemittel","10":"product_tag-indoor","11":"product_tag-outdoor","12":"product_tag-pflanzenschutz","13":"thunk-woo-product-list","14":"open-woo-hover-zoom","15":"open-single-product-tab-horizontal","16":"open-shadow-","17":"open-shadow-hover-","19":"first","20":"instock","21":"taxable","22":"shipping-taxable","23":"purchasable","24":"product-type-simple"},"wcpa_form_fields":null,"_links":{"self":[{"href":"https:\/\/www.blumen-schwarz.de\/aktuell\/wp-json\/wp\/v2\/product\/268584","targetHints":{"allow":["GET"]}}],"collection":[{"href":"https:\/\/www.blumen-schwarz.de\/aktuell\/wp-json\/wp\/v2\/product"}],"about":[{"href":"https:\/\/www.blumen-schwarz.de\/aktuell\/wp-json\/wp\/v2\/types\/product"}],"replies":[{"embeddable":true,"href":"https:\/\/www.blumen-schwarz.de\/aktuell\/wp-json\/wp\/v2\/comments?post=268584"}],"wp:featuredmedia":[{"embeddable":true,"href":"https:\/\/www.blumen-schwarz.de\/aktuell\/wp-json\/wp\/v2\/media\/268583"}],"wp:attachment":[{"href":"https:\/\/www.blumen-schwarz.de\/aktuell\/wp-json\/wp\/v2\/media?parent=268584"}],"wp:term":[{"taxonomy":"product_brand","embeddable":true,"href":"https:\/\/www.blumen-schwarz.de\/aktuell\/wp-json\/wp\/v2\/product_brand?post=268584"},{"taxonomy":"product_cat","embeddable":true,"href":"https:\/\/www.blumen-schwarz.de\/aktuell\/wp-json\/wp\/v2\/product_cat?post=268584"},{"taxonomy":"product_tag","embeddable":true,"href":"https:\/\/www.blumen-schwarz.de\/aktuell\/wp-json\/wp\/v2\/product_tag?post=268584"}],"curies":[{"name":"wp","href":"https:\/\/api.w.org\/{rel}","templated":true}]}}