{"id":267130,"date":"2023-12-23T16:16:58","date_gmt":"2022-11-09T15:09:18","guid":{"rendered":"https:\/\/www.blumen-schwarz.de\/aktuell\/produkt\/hippeastrum-wachs-glitter-rote-bluete\/"},"modified":"2023-12-23T16:17:00","modified_gmt":"2023-12-23T15:17:00","slug":"hippeastrum-wachs-glitter-rote-bluete","status":"publish","type":"product","link":"https:\/\/www.blumen-schwarz.de\/aktuell\/produkt\/hippeastrum-wachs-glitter-rote-bluete\/","title":{"rendered":"Hippeastrum Wachs Glitter, rote Bl\u00fcte"},"content":{"rendered":"<p>gewachste Amaryllis<br \/>Hippeastrum cultivar gewachst<br \/>Amaryllidaceae<br \/>Standort: Halbschatten - Sonne im Zimmer<br \/> Pflege: w\u00e4hrend der Bl\u00fcte nicht gie\u00dfen, nicht unter 10\u00b0C aufstellen<br \/> Nach der Bl\u00fcte, Wachs entfernen, topfen, gut gie\u00dfen und d\u00fcngen. Ab August \/ September Ruhephase bei 15\u00b0 C (trocken), danach Bl\u00fctenphase<br \/> Wichtiger Hinweis: Zwiebel bitte nicht mit Wachs auf den Kompost werfen. Unter dem Wachs ist noch eine d\u00fcnne Folienschicht (wir diskutieren hier jedes Jahr mit unseren H\u00e4ndler und hoffen, dass dies bald wegf\u00e4llt).<\/p>\n","protected":false},"excerpt":{"rendered":"<br \/>\n","protected":false},"featured_media":267131,"comment_status":"open","ping_status":"closed","template":"","meta":{"inline_featured_image":false},"product_brand":[],"product_cat":[1258,1406],"product_tag":[2202,2223],"class_list":{"0":"post-267130","1":"product","2":"type-product","3":"status-publish","4":"has-post-thumbnail","6":"product_cat-pflanzen","7":"product_cat-zimmerpflanzen","8":"product_tag-amaryllis","9":"product_tag-gewachst","10":"thunk-woo-product-list","11":"open-woo-hover-zoom","12":"open-single-product-tab-horizontal","13":"open-shadow-","14":"open-shadow-hover-","15":"wcpa_has_options","17":"first","18":"outofstock","19":"taxable","20":"shipping-taxable","21":"purchasable","22":"product-type-simple"},"wcpa_form_fields":{"wcpaData":{"product":{"product_price":20.45,"price_html":"<span class=\"woocommerce-Price-amount amount\"><bdi>20,45&nbsp;<span class=\"woocommerce-Price-currencySymbol\">&euro;<\/span><\/bdi><\/span>","original_product_price":20.45,"price_including_tax":20.45,"price_excluding_tax":19.11215,"product_id":{"parent":267130,"variation":false},"is_variable":false,"stock_status":"outofstock","stock_quantity":0,"parent_sku":"8720088811184","product_attributes":[],"custom_fields":[],"is_taxable":true,"product_name":"Hippeastrum Wachs Glitter, rote Bl\u00fcte","hasImage":false},"fields":{"sec_769d0cc0bcfc11":{"extra":{"key":"sec_769d0cc0bcfc11","section_id":"sec_769d0cc0bcfc11","name":"Default","status":1,"cl_rule":"show","enableCl":false,"relations":[],"toggle":true,"title_tag":"h3","show_title":false,"showPrice":"default","form_id":245222,"form_rules":{"exclude_from_discount":false,"fee_label":"Steuer","disp_hide_options_price":false,"disp_show_section_price":false,"disp_show_field_price":true,"layout_option":"standard","pric_use_as_fee":false,"process_fee_as":"woo_fee"},"layout_option":"standard"},"fields":[[{"type":"textarea","elementId":"wcpa-textarea-1608033486494","label":"zus. W\u00fcnsche (Farbe, Form o.\u00e4.)","description":"","desc_type":true,"pricingType":"fixed","rows":"2","className":"form-control","name":"textarea-1608033486494","cl_rule":"show","col":6,"relations":false,"active":true,"tooltip":"Hier k\u00f6nnen Sie, falls der Artikel nicht eindeutig ist, Ihre W\u00fcnsche eintragen. Im Zweifelsfall lassen Sie dieses Feld einfach leer.","gt_translate_keys":["label","description","tooltip"],"price_dependency":false,"cl_dependency":false,"value":""}]]}},"config":{"price_override":"","enable_recaptcha":false,"bind_quantity":false,"quantity_bind_formula":false,"disp_summ_show_option_price":true,"disp_summ_show_product_price":true,"disp_summ_show_total_price":true,"disp_summ_show_fee":false,"disp_summ_show_discount":false,"summary_title":"","options_total_label":"ausgew\u00e4hlter Preis","total_label":"Komplett","options_product_label":"Produkt Preis","fee_label":"Steuer","discount_label":"Discount","has_price":true,"has_quantity_formula":false},"mc_unit":1,"tax_rate":1,"tax_rate_real":0.07,"discount":{"percentage":0,"fixed":0},"design":{"conf":{"LabelPosition":"above","DescPosition":"above","UploadField":"custom_1","QuantityFieldStyle":"default"},"css":{"LeftLabelWidth":"120px"}},"formulas":[],"lookuptables":[],"clones":false,"cartKey":false}},"_links":{"self":[{"href":"https:\/\/www.blumen-schwarz.de\/aktuell\/wp-json\/wp\/v2\/product\/267130","targetHints":{"allow":["GET"]}}],"collection":[{"href":"https:\/\/www.blumen-schwarz.de\/aktuell\/wp-json\/wp\/v2\/product"}],"about":[{"href":"https:\/\/www.blumen-schwarz.de\/aktuell\/wp-json\/wp\/v2\/types\/product"}],"replies":[{"embeddable":true,"href":"https:\/\/www.blumen-schwarz.de\/aktuell\/wp-json\/wp\/v2\/comments?post=267130"}],"wp:featuredmedia":[{"embeddable":true,"href":"https:\/\/www.blumen-schwarz.de\/aktuell\/wp-json\/wp\/v2\/media\/267131"}],"wp:attachment":[{"href":"https:\/\/www.blumen-schwarz.de\/aktuell\/wp-json\/wp\/v2\/media?parent=267130"}],"wp:term":[{"taxonomy":"product_brand","embeddable":true,"href":"https:\/\/www.blumen-schwarz.de\/aktuell\/wp-json\/wp\/v2\/product_brand?post=267130"},{"taxonomy":"product_cat","embeddable":true,"href":"https:\/\/www.blumen-schwarz.de\/aktuell\/wp-json\/wp\/v2\/product_cat?post=267130"},{"taxonomy":"product_tag","embeddable":true,"href":"https:\/\/www.blumen-schwarz.de\/aktuell\/wp-json\/wp\/v2\/product_tag?post=267130"}],"curies":[{"name":"wp","href":"https:\/\/api.w.org\/{rel}","templated":true}]}}