{"id":266833,"date":"2026-04-27T13:11:46","date_gmt":"2022-10-24T06:14:04","guid":{"rendered":"https:\/\/www.blumen-schwarz.de\/aktuell\/produkt\/blumen-schwarz-erde20l-eimer-sack-inkl-pfand\/"},"modified":"2026-04-27T13:11:47","modified_gmt":"2026-04-27T11:11:47","slug":"blumen-schwarz-erde20l-eimer-sack-inkl-pfand","status":"publish","type":"product","link":"https:\/\/www.blumen-schwarz.de\/aktuell\/produkt\/blumen-schwarz-erde20l-eimer-sack-inkl-pfand\/","title":{"rendered":"blumen schwarz Erde20l Eimer\/Sack inkl. Pfand"},"content":{"rendered":"<p>Blumen Schwarz Erde<br \/>Blumen Schwarz 45L Erde<\/p>\n<p>vorged\u00fcngt mit Blumen-Schwarz-Langzeitd\u00fcnger<br \/> Tip:Bei Balkonk\u00e4sten und K\u00fcbeln zus\u00e4tzlich<br \/> w\u00f6chentlich mit Blumen-Schwarz-Fl\u00fcssigd\u00fcnger<br \/> nachd\u00fcngen.<br \/> Preis pro Sack inklusive 5,-\u20ac Pfand<\/p>\n","protected":false},"excerpt":{"rendered":"<br \/>\n","protected":false},"featured_media":236515,"comment_status":"open","ping_status":"closed","template":"","meta":{"inline_featured_image":false},"product_brand":[],"product_cat":[1398,1397],"product_tag":[],"class_list":{"0":"post-266833","1":"product","2":"type-product","3":"status-publish","4":"has-post-thumbnail","6":"product_cat-erde","7":"product_cat-gartenbedarf","8":"thunk-woo-product-list","9":"open-woo-hover-zoom","10":"open-single-product-tab-horizontal","11":"open-shadow-","12":"open-shadow-hover-","14":"first","15":"instock","16":"taxable","17":"shipping-taxable","18":"purchasable","19":"product-type-simple"},"wcpa_form_fields":null,"_links":{"self":[{"href":"https:\/\/www.blumen-schwarz.de\/aktuell\/wp-json\/wp\/v2\/product\/266833","targetHints":{"allow":["GET"]}}],"collection":[{"href":"https:\/\/www.blumen-schwarz.de\/aktuell\/wp-json\/wp\/v2\/product"}],"about":[{"href":"https:\/\/www.blumen-schwarz.de\/aktuell\/wp-json\/wp\/v2\/types\/product"}],"replies":[{"embeddable":true,"href":"https:\/\/www.blumen-schwarz.de\/aktuell\/wp-json\/wp\/v2\/comments?post=266833"}],"wp:featuredmedia":[{"embeddable":true,"href":"https:\/\/www.blumen-schwarz.de\/aktuell\/wp-json\/wp\/v2\/media\/236515"}],"wp:attachment":[{"href":"https:\/\/www.blumen-schwarz.de\/aktuell\/wp-json\/wp\/v2\/media?parent=266833"}],"wp:term":[{"taxonomy":"product_brand","embeddable":true,"href":"https:\/\/www.blumen-schwarz.de\/aktuell\/wp-json\/wp\/v2\/product_brand?post=266833"},{"taxonomy":"product_cat","embeddable":true,"href":"https:\/\/www.blumen-schwarz.de\/aktuell\/wp-json\/wp\/v2\/product_cat?post=266833"},{"taxonomy":"product_tag","embeddable":true,"href":"https:\/\/www.blumen-schwarz.de\/aktuell\/wp-json\/wp\/v2\/product_tag?post=266833"}],"curies":[{"name":"wp","href":"https:\/\/api.w.org\/{rel}","templated":true}]}}

<p>Blumen Schwarz Erde<br />Blumen Schwarz 45L Erde</p>
<p>vorgedüngt mit Blumen-Schwarz-Langzeitdünger<br /> Tip:Bei Balkonkästen und Kübeln zusätzlich<br /> wöchentlich mit Blumen-Schwarz-Flüssigdünger<br /> nachdüngen.<br /> Preis pro Sack inklusive 5,-€ Pfand</p>
