{"id":255540,"date":"2026-04-10T07:17:50","date_gmt":"2021-08-02T15:48:40","guid":{"rendered":"https:\/\/www.blumen-schwarz.de\/aktuell\/produkt\/becher-urban-ockergelb-d9-h11\/"},"modified":"2026-04-10T07:17:51","modified_gmt":"2026-04-10T05:17:51","slug":"becher-urban-ockergelb-d9-h11","status":"publish","type":"product","link":"https:\/\/www.blumen-schwarz.de\/aktuell\/produkt\/becher-urban-ockergelb-d9-h11\/","title":{"rendered":"Becher Urban ockergelb D9 H11"},"content":{"rendered":"<p>TS Sharon Geschirr<\/p>\n<p>Entdecken Sie das einzigartige Tafelgeschirr Sharon<\/p>\n<p> Die Marke Sharon wurde aus einem einfachen Wunsch heraus geboren: Die sch\u00f6nsten Momente gemeinsam am Tisch zu genie\u00dfen. Dazu geh\u00f6rt auch ein sch\u00f6nes Geschirr. Sharon pr\u00e4sentiert ein attraktives Geschirr, das nicht nur zum Stil des Verbrauchers passt, sondern auch mit seinen Blument\u00f6pfen und der Dekoration des Hauses harmoniert. Zusammen mit der Hausk\u00fcnstlerin Sharon de Jager schufen wir das ultimative Mix and Match-Geschirr: Urban Nature. Es besteht aus verschiedenen illustrierten Geschirrsets, die Sie unbegrenzt mit den einfachen Geschirrsets kombinieren k\u00f6nnen. <\/p>\n<p> Merkmale von Ter Steege-Geschirr<br \/> Geschirrsp\u00fclmaschinenfest<br \/> Mikrowellenbest\u00e4ndig<br \/> Hergestellt aus hochwertigem Porzellan<br \/> Stil-Trendgeschirr<br \/> Einfarbiges Geschirr<\/p>\n","protected":false},"excerpt":{"rendered":"<p> _<\/p>\n","protected":false},"featured_media":0,"comment_status":"open","ping_status":"closed","template":"","meta":{"inline_featured_image":false},"product_brand":[],"product_cat":[1397,2007],"product_tag":[2382,2381],"class_list":{"0":"post-255540","1":"product","2":"type-product","3":"status-publish","5":"product_cat-gartenbedarf","6":"product_cat-toepfe","7":"product_tag-geschirr","8":"product_tag-ts","9":"thunk-woo-product-list","10":"open-woo-hover-zoom","11":"open-single-product-tab-horizontal","12":"open-shadow-","13":"open-shadow-hover-","14":"wcpa_has_options","16":"first","17":"instock","18":"taxable","19":"shipping-taxable","20":"purchasable","21":"product-type-simple"},"wcpa_form_fields":{"wcpaData":{"product":{"product_price":5.99,"price_html":"<span class=\"woocommerce-Price-amount amount\"><bdi>5,99&nbsp;<span class=\"woocommerce-Price-currencySymbol\">&euro;<\/span><\/bdi><\/span>","original_product_price":5.99,"price_including_tax":5.99,"price_excluding_tax":5.033613,"product_id":{"parent":255540,"variation":false},"is_variable":false,"stock_status":"instock","stock_quantity":3,"parent_sku":"8711355653798","product_attributes":[],"custom_fields":[],"is_taxable":true,"product_name":"Becher Urban ockergelb D9 H11","hasImage":false},"fields":{"sec_769d887ffc902d":{"extra":{"key":"sec_769d887ffc902d","section_id":"sec_769d887ffc902d","name":"Default","status":1,"cl_rule":"show","enableCl":false,"relations":[],"toggle":true,"title_tag":"h3","show_title":false,"showPrice":"default","form_id":245222,"form_rules":{"exclude_from_discount":false,"fee_label":"Steuer","disp_hide_options_price":false,"disp_show_section_price":false,"disp_show_field_price":true,"layout_option":"standard","pric_use_as_fee":false,"process_fee_as":"woo_fee"},"layout_option":"standard"},"fields":[[{"type":"textarea","elementId":"wcpa-textarea-1608033486494","label":"zus. W\u00fcnsche (Farbe, Form o.\u00e4.)","description":"","desc_type":true,"pricingType":"fixed","rows":"2","className":"form-control","name":"textarea-1608033486494","cl_rule":"show","col":6,"relations":false,"active":true,"tooltip":"Hier k\u00f6nnen Sie, falls der Artikel nicht eindeutig ist, Ihre W\u00fcnsche eintragen. Im Zweifelsfall lassen Sie dieses Feld einfach leer.","gt_translate_keys":["label","description","tooltip"],"price_dependency":false,"cl_dependency":false,"value":""}]]}},"config":{"price_override":"","enable_recaptcha":false,"bind_quantity":false,"quantity_bind_formula":false,"disp_summ_show_option_price":true,"disp_summ_show_product_price":true,"disp_summ_show_total_price":true,"disp_summ_show_fee":false,"disp_summ_show_discount":false,"summary_title":"","options_total_label":"ausgew\u00e4hlter Preis","total_label":"Komplett","options_product_label":"Produkt Preis","fee_label":"Steuer","discount_label":"Discount","has_price":true,"has_quantity_formula":false},"mc_unit":1,"tax_rate":1,"tax_rate_real":0.19,"discount":{"percentage":0,"fixed":0},"design":{"conf":{"LabelPosition":"above","DescPosition":"above","UploadField":"custom_1","QuantityFieldStyle":"default"},"css":{"LeftLabelWidth":"120px"}},"formulas":[],"lookuptables":[],"clones":false,"cartKey":false}},"_links":{"self":[{"href":"https:\/\/www.blumen-schwarz.de\/aktuell\/wp-json\/wp\/v2\/product\/255540","targetHints":{"allow":["GET"]}}],"collection":[{"href":"https:\/\/www.blumen-schwarz.de\/aktuell\/wp-json\/wp\/v2\/product"}],"about":[{"href":"https:\/\/www.blumen-schwarz.de\/aktuell\/wp-json\/wp\/v2\/types\/product"}],"replies":[{"embeddable":true,"href":"https:\/\/www.blumen-schwarz.de\/aktuell\/wp-json\/wp\/v2\/comments?post=255540"}],"wp:attachment":[{"href":"https:\/\/www.blumen-schwarz.de\/aktuell\/wp-json\/wp\/v2\/media?parent=255540"}],"wp:term":[{"taxonomy":"product_brand","embeddable":true,"href":"https:\/\/www.blumen-schwarz.de\/aktuell\/wp-json\/wp\/v2\/product_brand?post=255540"},{"taxonomy":"product_cat","embeddable":true,"href":"https:\/\/www.blumen-schwarz.de\/aktuell\/wp-json\/wp\/v2\/product_cat?post=255540"},{"taxonomy":"product_tag","embeddable":true,"href":"https:\/\/www.blumen-schwarz.de\/aktuell\/wp-json\/wp\/v2\/product_tag?post=255540"}],"curies":[{"name":"wp","href":"https:\/\/api.w.org\/{rel}","templated":true}]}}