{"id":253814,"date":"2026-04-22T10:38:49","date_gmt":"2021-05-10T12:29:36","guid":{"rendered":"https:\/\/www.blumen-schwarz.de\/aktuell\/produkt\/gramoflor-bl-schwarz-blumenerde-20l\/"},"modified":"2026-04-22T10:38:50","modified_gmt":"2026-04-22T08:38:50","slug":"gramoflor-bl-schwarz-blumenerde-20l","status":"publish","type":"product","link":"https:\/\/www.blumen-schwarz.de\/aktuell\/produkt\/gramoflor-bl-schwarz-blumenerde-20l\/","title":{"rendered":"Gramoflor Bl-Schwarz Blumenerde, 20l"},"content":{"rendered":"<p>Gramoflor Erde<\/p>\n<p>Wir beziehen unsere Erde vom norddeutschen<br \/> Erdewerk Gramoflor. Die meisten Substrate sind spezielle Mischungen nach unserem Rezept.<br \/> Der verwendete Torf (fast alle Erden sind torfreduziert) kommt aus deutschen Abbau.<br \/> Gramoflor ist daf\u00fcr bekannt, dass sie nach dem Abbau perfekt renaturieren und aus vormals Weidefl\u00e4che lebendige Biotope machen. Mehr Infos dazu auf:<br \/> <a href=\"https:\/\/www.gramoflor.de\">www.gramoflor.de<\/a><br \/> Unsere Torfverwendung ist daher praktizierter Umweltschutz.<\/p>\n","protected":false},"excerpt":{"rendered":"<p> Dieser Sack enth\u00e4lt unsere Hausmischung, mit der wir alle Pflanzen bei uns im Betrieb topfen: <\/p>\n<p> 30% Wei\u00dftorf, 10% Schwarztorf, 20% Cocopeat, 25% Lignofibre, 15% Substratkompost, Netzmittel, Microorganismen, Langzeitd\u00fcnger mit 4kg \/ m\u00b3 <\/p>\n<p> <b>Bitte beachten Sie, dass mit unseren Lieferkosten, bzw. der Versandfreipauschale nur die Lieferung in den Garten abgedeckt ist. Lieferung in ein Stockwerk, Mehrfamilienhaus, Gemeinschaftswohnanlage etc. m\u00fcssen wir kostenm\u00e4\u00dfig anders berechnen.<\/b><\/p>\n","protected":false},"featured_media":253815,"comment_status":"open","ping_status":"closed","template":"","meta":{"inline_featured_image":false},"product_brand":[],"product_cat":[1398,1397],"product_tag":[],"class_list":{"0":"post-253814","1":"product","2":"type-product","3":"status-publish","4":"has-post-thumbnail","6":"product_cat-erde","7":"product_cat-gartenbedarf","8":"thunk-woo-product-list","9":"open-woo-hover-zoom","10":"open-single-product-tab-horizontal","11":"open-shadow-","12":"open-shadow-hover-","14":"first","15":"instock","16":"taxable","17":"shipping-taxable","18":"purchasable","19":"product-type-simple"},"wcpa_form_fields":null,"_links":{"self":[{"href":"https:\/\/www.blumen-schwarz.de\/aktuell\/wp-json\/wp\/v2\/product\/253814","targetHints":{"allow":["GET"]}}],"collection":[{"href":"https:\/\/www.blumen-schwarz.de\/aktuell\/wp-json\/wp\/v2\/product"}],"about":[{"href":"https:\/\/www.blumen-schwarz.de\/aktuell\/wp-json\/wp\/v2\/types\/product"}],"replies":[{"embeddable":true,"href":"https:\/\/www.blumen-schwarz.de\/aktuell\/wp-json\/wp\/v2\/comments?post=253814"}],"wp:featuredmedia":[{"embeddable":true,"href":"https:\/\/www.blumen-schwarz.de\/aktuell\/wp-json\/wp\/v2\/media\/253815"}],"wp:attachment":[{"href":"https:\/\/www.blumen-schwarz.de\/aktuell\/wp-json\/wp\/v2\/media?parent=253814"}],"wp:term":[{"taxonomy":"product_brand","embeddable":true,"href":"https:\/\/www.blumen-schwarz.de\/aktuell\/wp-json\/wp\/v2\/product_brand?post=253814"},{"taxonomy":"product_cat","embeddable":true,"href":"https:\/\/www.blumen-schwarz.de\/aktuell\/wp-json\/wp\/v2\/product_cat?post=253814"},{"taxonomy":"product_tag","embeddable":true,"href":"https:\/\/www.blumen-schwarz.de\/aktuell\/wp-json\/wp\/v2\/product_tag?post=253814"}],"curies":[{"name":"wp","href":"https:\/\/api.w.org\/{rel}","templated":true}]}}