{"id":250849,"date":"2021-04-06T17:42:48","date_gmt":"2021-04-06T15:42:48","guid":{"rendered":"https:\/\/www.blumen-schwarz.de\/aktuell\/produkt\/prunus-laurocerasus-genolia-180-200cm-fertighecke-2\/"},"modified":"2026-04-22T15:15:50","modified_gmt":"2026-04-22T13:15:50","slug":"prunus-laurocerasus-genolia-180-200cm-fertighecke-2","status":"publish","type":"product","link":"https:\/\/www.blumen-schwarz.de\/aktuell\/produkt\/prunus-laurocerasus-genolia-180-200cm-fertighecke-2\/","title":{"rendered":"Prunus laurocerasus Genolia 180-200cm Fertighecke <span class=\"soon\">(Pflanzen wachsen noch (oder Zubeh\u00f6rlieferung ist noch nicht im Betrieb).)<\/span>"},"content":{"rendered":"<p>Kirschlorbeer<br \/>Prunus laurocerasus Genolia<br \/>Rosaceae<br \/>Bl\u00fcte: wei\u00dfe Rispen, ab Mitte April<br \/> Blatt: gl\u00e4nzend, immergr\u00fcn, \u00e4hnlich dem echten Lorbeer<br \/> Wuchsh\u00f6he: 200 cm<br \/> Standort: halbschattiger - schattiger Standort<br \/> Sonstiges: empfindliche gegen Wintersonne, problemlos im Schnitt<\/p>\n","protected":false},"excerpt":{"rendered":"<p> Lieferzeit: 10 Werktage - zum Pflanzen werden mindestens 3 starke M\u00e4nner ben\u00f6tigt (Gewicht pro Element ~ 140kg)<\/p>\n","protected":false},"featured_media":250850,"comment_status":"open","ping_status":"closed","template":"","meta":{"inline_featured_image":false},"product_brand":[],"product_cat":[1259,1258],"product_tag":[1765,1767],"class_list":{"0":"post-250849","1":"product","2":"type-product","3":"status-publish","4":"has-post-thumbnail","6":"product_cat-gehoelze","7":"product_cat-pflanzen","8":"product_tag-fertighecke","9":"product_tag-hecke","10":"thunk-woo-product-list","11":"open-woo-hover-zoom","12":"open-single-product-tab-horizontal","13":"open-shadow-","14":"open-shadow-hover-","15":"wcpa_has_options","17":"first","18":"instock","19":"taxable","20":"shipping-taxable","21":"purchasable","22":"product-type-simple"},"wcpa_form_fields":{"wcpaData":{"product":{"product_price":350,"price_html":"<span class=\"woocommerce-Price-amount amount\"><bdi>350,00&nbsp;<span class=\"woocommerce-Price-currencySymbol\">&euro;<\/span><\/bdi><\/span>","original_product_price":350,"price_including_tax":350,"price_excluding_tax":327.102804,"product_id":{"parent":250849,"variation":false},"is_variable":false,"stock_status":"instock","stock_quantity":400,"parent_sku":"8350924119","product_attributes":[],"custom_fields":[],"is_taxable":true,"product_name":"Prunus laurocerasus Genolia 180-200cm Fertighecke","hasImage":false},"fields":{"sec_869e8c96acd645":{"extra":{"key":"sec_869e8c96acd645","section_id":"sec_869e8c96acd645","name":"Default","status":1,"cl_rule":"show","enableCl":false,"relations":[],"toggle":true,"title_tag":"h3","show_title":false,"showPrice":"default","form_id":245222,"form_rules":{"exclude_from_discount":false,"fee_label":"Steuer","disp_hide_options_price":false,"disp_show_section_price":false,"disp_show_field_price":true,"layout_option":"standard","pric_use_as_fee":false,"process_fee_as":"woo_fee"},"layout_option":"standard"},"fields":[[{"type":"textarea","elementId":"wcpa-textarea-1608033486494","label":"zus. W\u00fcnsche (Farbe, Form o.\u00e4.)","description":"","desc_type":true,"pricingType":"fixed","rows":"2","className":"form-control","name":"textarea-1608033486494","cl_rule":"show","col":6,"relations":false,"active":true,"tooltip":"Hier k\u00f6nnen Sie, falls der Artikel nicht eindeutig ist, Ihre W\u00fcnsche eintragen. Im Zweifelsfall lassen Sie dieses Feld einfach leer.","gt_translate_keys":["label","description","tooltip"],"price_dependency":false,"cl_dependency":false,"value":""}]]}},"config":{"price_override":"","enable_recaptcha":false,"bind_quantity":false,"quantity_bind_formula":false,"disp_summ_show_option_price":true,"disp_summ_show_product_price":true,"disp_summ_show_total_price":true,"disp_summ_show_fee":false,"disp_summ_show_discount":false,"summary_title":"","options_total_label":"ausgew\u00e4hlter Preis","total_label":"Komplett","options_product_label":"Produkt Preis","fee_label":"Steuer","discount_label":"Discount","has_price":true,"has_quantity_formula":false},"mc_unit":1,"tax_rate":1,"tax_rate_real":0.07,"discount":{"percentage":0,"fixed":0},"design":{"conf":{"LabelPosition":"above","DescPosition":"above","UploadField":"custom_1","QuantityFieldStyle":"default"},"css":{"LeftLabelWidth":"120px"}},"formulas":[],"lookuptables":[],"clones":false,"cartKey":false}},"_links":{"self":[{"href":"https:\/\/www.blumen-schwarz.de\/aktuell\/wp-json\/wp\/v2\/product\/250849","targetHints":{"allow":["GET"]}}],"collection":[{"href":"https:\/\/www.blumen-schwarz.de\/aktuell\/wp-json\/wp\/v2\/product"}],"about":[{"href":"https:\/\/www.blumen-schwarz.de\/aktuell\/wp-json\/wp\/v2\/types\/product"}],"replies":[{"embeddable":true,"href":"https:\/\/www.blumen-schwarz.de\/aktuell\/wp-json\/wp\/v2\/comments?post=250849"}],"wp:featuredmedia":[{"embeddable":true,"href":"https:\/\/www.blumen-schwarz.de\/aktuell\/wp-json\/wp\/v2\/media\/250850"}],"wp:attachment":[{"href":"https:\/\/www.blumen-schwarz.de\/aktuell\/wp-json\/wp\/v2\/media?parent=250849"}],"wp:term":[{"taxonomy":"product_brand","embeddable":true,"href":"https:\/\/www.blumen-schwarz.de\/aktuell\/wp-json\/wp\/v2\/product_brand?post=250849"},{"taxonomy":"product_cat","embeddable":true,"href":"https:\/\/www.blumen-schwarz.de\/aktuell\/wp-json\/wp\/v2\/product_cat?post=250849"},{"taxonomy":"product_tag","embeddable":true,"href":"https:\/\/www.blumen-schwarz.de\/aktuell\/wp-json\/wp\/v2\/product_tag?post=250849"}],"curies":[{"name":"wp","href":"https:\/\/api.w.org\/{rel}","templated":true}]}}