{"id":244714,"date":"2025-05-19T16:42:11","date_gmt":"2020-11-24T13:28:09","guid":{"rendered":"https:\/\/www.blumen-schwarz.de\/aktuell\/produkt\/paeonia-hell-weinrot-pfingstrose\/"},"modified":"2025-05-19T16:42:12","modified_gmt":"2025-05-19T14:42:12","slug":"paeonia-hell-weinrot-pfingstrose","status":"publish","type":"product","link":"https:\/\/www.blumen-schwarz.de\/aktuell\/produkt\/paeonia-hell-weinrot-pfingstrose\/","title":{"rendered":"Paeonia, hell-weinrot, Pfingstrose"},"content":{"rendered":"<p>hell-weinrote Pfingstrose<br \/>Paeonia lactiflora Ville de Nancy<br \/>Paeoniaceae<br \/>Bl\u00fcte: hell-weinrot, gef\u00fcllt lockerer Aufbau<br \/> Wuchsh\u00f6he: 80cm<br \/> Standort: Sonne, frischer Boden<br \/> Sonstiges: Wie alle Pfingstrosten m\u00f6glichst selten verpflanzen.<\/p>\n","protected":false},"excerpt":{"rendered":"<p>hell-weinrote PfingstrosePaeonia lactiflora Ville de NancyPaeoniaceaeBl\u00fcte: hell-weinrot, gef\u00fcllt lockerer Aufbau Wuchsh\u00f6he: 80cm Standort: Sonne, frischer &hellip;<\/p>\n<p class=\"read-more\"> <a class=\" thunk-readmore button \" href=\"https:\/\/www.blumen-schwarz.de\/aktuell\/produkt\/paeonia-hell-weinrot-pfingstrose\/\"> <span class=\"screen-reader-text\">Paeonia, hell-weinrot, Pfingstrose<\/span>weiterlesen<\/a><\/p>\n","protected":false},"featured_media":244715,"comment_status":"open","ping_status":"closed","template":"","meta":{"inline_featured_image":false},"product_brand":[],"product_cat":[1258,1402],"product_tag":[2203,2230,2006,1849],"class_list":{"0":"post-244714","1":"product","2":"type-product","3":"status-publish","4":"has-post-thumbnail","6":"product_cat-pflanzen","7":"product_cat-stauden","8":"product_tag-gefuellt","9":"product_tag-hell-weinrot","10":"product_tag-pfingstrose","11":"product_tag-sonne","12":"thunk-woo-product-list","13":"open-woo-hover-zoom","14":"open-single-product-tab-horizontal","15":"open-shadow-","16":"open-shadow-hover-","17":"wcpa_has_options","19":"first","20":"outofstock","21":"taxable","22":"shipping-taxable","23":"purchasable","24":"product-type-simple"},"wcpa_form_fields":{"wcpaData":{"product":{"product_price":13.96,"price_html":"<span class=\"woocommerce-Price-amount amount\"><bdi>13,96&nbsp;<span class=\"woocommerce-Price-currencySymbol\">&euro;<\/span><\/bdi><\/span>","original_product_price":13.96,"price_including_tax":13.96,"price_excluding_tax":13.046729000000001,"product_id":{"parent":244714,"variation":false},"is_variable":false,"stock_status":"outofstock","stock_quantity":0,"parent_sku":"8350923559","product_attributes":[],"custom_fields":[],"is_taxable":true,"product_name":"Paeonia, hell-weinrot, Pfingstrose","hasImage":false},"fields":{"sec_06a073db3801d2":{"extra":{"key":"sec_06a073db3801d2","section_id":"sec_06a073db3801d2","name":"Default","status":1,"cl_rule":"show","enableCl":false,"relations":[],"toggle":true,"title_tag":"h3","show_title":false,"showPrice":"default","form_id":245222,"form_rules":{"exclude_from_discount":false,"fee_label":"Steuer","disp_hide_options_price":false,"disp_show_section_price":false,"disp_show_field_price":true,"layout_option":"standard","pric_use_as_fee":false,"process_fee_as":"woo_fee"},"layout_option":"standard"},"fields":[[{"type":"textarea","elementId":"wcpa-textarea-1608033486494","label":"zus. W\u00fcnsche (Farbe, Form o.\u00e4.)","description":"","desc_type":true,"pricingType":"fixed","rows":"2","className":"form-control","name":"textarea-1608033486494","cl_rule":"show","col":6,"relations":false,"active":true,"tooltip":"Hier k\u00f6nnen Sie, falls der Artikel nicht eindeutig ist, Ihre W\u00fcnsche eintragen. Im Zweifelsfall lassen Sie dieses Feld einfach leer.","gt_translate_keys":["label","description","tooltip"],"price_dependency":false,"cl_dependency":false,"value":""}]]}},"config":{"price_override":"","enable_recaptcha":false,"bind_quantity":false,"quantity_bind_formula":false,"disp_summ_show_option_price":true,"disp_summ_show_product_price":true,"disp_summ_show_total_price":true,"disp_summ_show_fee":false,"disp_summ_show_discount":false,"summary_title":"","options_total_label":"ausgew\u00e4hlter Preis","total_label":"Komplett","options_product_label":"Produkt Preis","fee_label":"Steuer","discount_label":"Discount","has_price":true,"has_quantity_formula":false},"mc_unit":1,"tax_rate":1,"tax_rate_real":0.07,"discount":{"percentage":0,"fixed":0},"design":{"conf":{"LabelPosition":"above","DescPosition":"above","UploadField":"custom_1","QuantityFieldStyle":"default"},"css":{"LeftLabelWidth":"120px"}},"formulas":[],"lookuptables":[],"clones":false,"cartKey":false}},"_links":{"self":[{"href":"https:\/\/www.blumen-schwarz.de\/aktuell\/wp-json\/wp\/v2\/product\/244714","targetHints":{"allow":["GET"]}}],"collection":[{"href":"https:\/\/www.blumen-schwarz.de\/aktuell\/wp-json\/wp\/v2\/product"}],"about":[{"href":"https:\/\/www.blumen-schwarz.de\/aktuell\/wp-json\/wp\/v2\/types\/product"}],"replies":[{"embeddable":true,"href":"https:\/\/www.blumen-schwarz.de\/aktuell\/wp-json\/wp\/v2\/comments?post=244714"}],"wp:featuredmedia":[{"embeddable":true,"href":"https:\/\/www.blumen-schwarz.de\/aktuell\/wp-json\/wp\/v2\/media\/244715"}],"wp:attachment":[{"href":"https:\/\/www.blumen-schwarz.de\/aktuell\/wp-json\/wp\/v2\/media?parent=244714"}],"wp:term":[{"taxonomy":"product_brand","embeddable":true,"href":"https:\/\/www.blumen-schwarz.de\/aktuell\/wp-json\/wp\/v2\/product_brand?post=244714"},{"taxonomy":"product_cat","embeddable":true,"href":"https:\/\/www.blumen-schwarz.de\/aktuell\/wp-json\/wp\/v2\/product_cat?post=244714"},{"taxonomy":"product_tag","embeddable":true,"href":"https:\/\/www.blumen-schwarz.de\/aktuell\/wp-json\/wp\/v2\/product_tag?post=244714"}],"curies":[{"name":"wp","href":"https:\/\/api.w.org\/{rel}","templated":true}]}}