{"id":240657,"date":"2024-04-03T11:17:39","date_gmt":"2020-05-28T07:26:03","guid":{"rendered":"https:\/\/www.blumen-schwarz.de\/aktuell\/produkt\/potentilla-abbotswood-fuenffingerkraut-weiss\/"},"modified":"2024-04-03T11:17:45","modified_gmt":"2024-04-03T09:17:45","slug":"potentilla-abbotswood-fuenffingerkraut-weiss","status":"publish","type":"product","link":"https:\/\/www.blumen-schwarz.de\/aktuell\/produkt\/potentilla-abbotswood-fuenffingerkraut-weiss\/","title":{"rendered":"Potentilla Abbotswood, F\u00fcnffingerkraut, wei\u00df"},"content":{"rendered":"<p>F\u00fcnffingerkraut<br \/>Potentilla fruticosa \"Abbotswood\"<br \/>Rosaceae<br \/>Bl\u00fcte: wei\u00df<br \/> Blatt: kleine hellgr\u00fcne Bl\u00e4tter<br \/> Wuchsh\u00f6he: 30 cm <br \/> Standort: sonnig - halbschatten<br \/> Sonstiges: sehr robuster Dauerbl\u00fcher, w\u00e4chst fast \u00fcberall<\/p>\n","protected":false},"excerpt":{"rendered":"<p>F\u00fcnffingerkrautPotentilla fruticosa \"Abbotswood\"RosaceaeBl\u00fcte: wei\u00df Blatt: kleine hellgr\u00fcne Bl\u00e4tter Wuchsh\u00f6he: 30 cm Standort: sonnig - halbschatten &hellip;<\/p>\n<p class=\"read-more\"> <a class=\" thunk-readmore button \" href=\"https:\/\/www.blumen-schwarz.de\/aktuell\/produkt\/potentilla-abbotswood-fuenffingerkraut-weiss\/\"> <span class=\"screen-reader-text\">Potentilla Abbotswood, F\u00fcnffingerkraut, wei\u00df<\/span>weiterlesen<\/a><\/p>\n","protected":false},"featured_media":240658,"comment_status":"open","ping_status":"closed","template":"","meta":{"inline_featured_image":false},"product_brand":[],"product_cat":[1259,1258],"product_tag":[1415,1849,1378],"class_list":{"0":"post-240657","1":"product","2":"type-product","3":"status-publish","4":"has-post-thumbnail","6":"product_cat-gehoelze","7":"product_cat-pflanzen","8":"product_tag-bodendecker","9":"product_tag-sonne","10":"product_tag-weiss","11":"thunk-woo-product-list","12":"open-woo-hover-zoom","13":"open-single-product-tab-horizontal","14":"open-shadow-","15":"open-shadow-hover-","16":"wcpa_has_options","18":"first","19":"outofstock","20":"taxable","21":"shipping-taxable","22":"purchasable","23":"product-type-simple"},"wcpa_form_fields":{"wcpaData":{"product":{"product_price":4.49,"price_html":"<span class=\"woocommerce-Price-amount amount\"><bdi>4,49&nbsp;<span class=\"woocommerce-Price-currencySymbol\">&euro;<\/span><\/bdi><\/span>","original_product_price":4.49,"price_including_tax":4.49,"price_excluding_tax":4.196262,"product_id":{"parent":240657,"variation":false},"is_variable":false,"stock_status":"outofstock","stock_quantity":0,"parent_sku":"8350922942","product_attributes":[],"custom_fields":[],"is_taxable":true,"product_name":"Potentilla Abbotswood, F\u00fcnffingerkraut, wei\u00df","hasImage":false},"fields":{"sec_769d7b98e2324b":{"extra":{"key":"sec_769d7b98e2324b","section_id":"sec_769d7b98e2324b","name":"Default","status":1,"cl_rule":"show","enableCl":false,"relations":[],"toggle":true,"title_tag":"h3","show_title":false,"showPrice":"default","form_id":245222,"form_rules":{"exclude_from_discount":false,"fee_label":"Steuer","disp_hide_options_price":false,"disp_show_section_price":false,"disp_show_field_price":true,"layout_option":"standard","pric_use_as_fee":false,"process_fee_as":"woo_fee"},"layout_option":"standard"},"fields":[[{"type":"textarea","elementId":"wcpa-textarea-1608033486494","label":"zus. W\u00fcnsche (Farbe, Form o.\u00e4.)","description":"","desc_type":true,"pricingType":"fixed","rows":"2","className":"form-control","name":"textarea-1608033486494","cl_rule":"show","col":6,"relations":false,"active":true,"tooltip":"Hier k\u00f6nnen Sie, falls der Artikel nicht eindeutig ist, Ihre W\u00fcnsche eintragen. Im Zweifelsfall lassen Sie dieses Feld einfach leer.","gt_translate_keys":["label","description","tooltip"],"price_dependency":false,"cl_dependency":false,"value":""}]]}},"config":{"price_override":"","enable_recaptcha":false,"bind_quantity":false,"quantity_bind_formula":false,"disp_summ_show_option_price":true,"disp_summ_show_product_price":true,"disp_summ_show_total_price":true,"disp_summ_show_fee":false,"disp_summ_show_discount":false,"summary_title":"","options_total_label":"ausgew\u00e4hlter Preis","total_label":"Komplett","options_product_label":"Produkt Preis","fee_label":"Steuer","discount_label":"Discount","has_price":true,"has_quantity_formula":false},"mc_unit":1,"tax_rate":1,"tax_rate_real":0.07,"discount":{"percentage":0,"fixed":0},"design":{"conf":{"LabelPosition":"above","DescPosition":"above","UploadField":"custom_1","QuantityFieldStyle":"default"},"css":{"LeftLabelWidth":"120px"}},"formulas":[],"lookuptables":[],"clones":false,"cartKey":false}},"_links":{"self":[{"href":"https:\/\/www.blumen-schwarz.de\/aktuell\/wp-json\/wp\/v2\/product\/240657","targetHints":{"allow":["GET"]}}],"collection":[{"href":"https:\/\/www.blumen-schwarz.de\/aktuell\/wp-json\/wp\/v2\/product"}],"about":[{"href":"https:\/\/www.blumen-schwarz.de\/aktuell\/wp-json\/wp\/v2\/types\/product"}],"replies":[{"embeddable":true,"href":"https:\/\/www.blumen-schwarz.de\/aktuell\/wp-json\/wp\/v2\/comments?post=240657"}],"wp:featuredmedia":[{"embeddable":true,"href":"https:\/\/www.blumen-schwarz.de\/aktuell\/wp-json\/wp\/v2\/media\/240658"}],"wp:attachment":[{"href":"https:\/\/www.blumen-schwarz.de\/aktuell\/wp-json\/wp\/v2\/media?parent=240657"}],"wp:term":[{"taxonomy":"product_brand","embeddable":true,"href":"https:\/\/www.blumen-schwarz.de\/aktuell\/wp-json\/wp\/v2\/product_brand?post=240657"},{"taxonomy":"product_cat","embeddable":true,"href":"https:\/\/www.blumen-schwarz.de\/aktuell\/wp-json\/wp\/v2\/product_cat?post=240657"},{"taxonomy":"product_tag","embeddable":true,"href":"https:\/\/www.blumen-schwarz.de\/aktuell\/wp-json\/wp\/v2\/product_tag?post=240657"}],"curies":[{"name":"wp","href":"https:\/\/api.w.org\/{rel}","templated":true}]}}