{"id":840,"date":"2016-12-12T19:56:51","date_gmt":"2016-12-12T18:56:51","guid":{"rendered":"https:\/\/www.blumen-schwarz.de\/aktuell\/?page_id=840"},"modified":"2021-10-21T11:25:30","modified_gmt":"2021-10-21T09:25:30","slug":"1902-2","status":"publish","type":"page","link":"https:\/\/www.blumen-schwarz.de\/aktuell\/geschichte\/1902-2\/","title":{"rendered":"1902"},"content":{"rendered":"<p>1902 Geburtsjahr der Kunsthandelsg\u00e4rtnerei Samenhandlung Johann Georg Schwarz in Schwabach<\/p>\n<figure id=\"attachment_701\" aria-describedby=\"caption-attachment-701\" style=\"width: 500px\" class=\"wp-caption aligncenter\"><a href=\"https:\/\/www.blumen-schwarz.de\/aktuell\/wp-content\/uploads\/2016\/12\/org00000.jpg\"><img loading=\"lazy\" decoding=\"async\" class=\"wp-image-701 size-medium\" src=\"https:\/\/www.blumen-schwarz.de\/aktuell\/wp-content\/uploads\/2016\/12\/org00000-600x446.jpg\" alt=\"Im Bild zu sehen: Johann Georg Schwarz unser Firmengr\u00fcnder. Damals lief die G\u00e4rtnerei als Kunsthandelsg\u00e4rtnerei Samenhandlung. Im Hintergrund die katholische Kirche Schwabach. Heute steht hier &quot;Wohnen am Wehr&quot;.\" width=\"500\" height=\"372\" srcset=\"https:\/\/www.blumen-schwarz.de\/aktuell\/wp-content\/uploads\/2016\/12\/org00000-600x446.jpg 600w, https:\/\/www.blumen-schwarz.de\/aktuell\/wp-content\/uploads\/2016\/12\/org00000-620x461.jpg 620w, https:\/\/www.blumen-schwarz.de\/aktuell\/wp-content\/uploads\/2016\/12\/org00000-768x571.jpg 768w, https:\/\/www.blumen-schwarz.de\/aktuell\/wp-content\/uploads\/2016\/12\/org00000-1200x892.jpg 1200w, https:\/\/www.blumen-schwarz.de\/aktuell\/wp-content\/uploads\/2016\/12\/org00000.jpg 1453w\" sizes=\"auto, (max-width: 500px) 100vw, 500px\" \/><\/a><figcaption id=\"caption-attachment-701\" class=\"wp-caption-text\">Im Bild zu sehen: Johann Georg Schwarz unser Firmengr\u00fcnder. Damals lief die G\u00e4rtnerei als Kunsthandelsg\u00e4rtnerei Samenhandlung. Im Hintergrund die katholische Kirche Schwabach. Heute steht hier \"Wohnen am Wehr\".<\/figcaption><\/figure>\n<h2>Die 20er und 30er Jahre<\/h2>\n<div id='gallery-1' class='gallery galleryid-840 gallery-columns-3 gallery-size-thumbnail'><figure class='gallery-item'>\n\t\t\t<div class='gallery-icon landscape'>\n\t\t\t\t<a href='https:\/\/www.blumen-schwarz.de\/aktuell\/geschichte\/1902-2\/image-07\/'><img loading=\"lazy\" decoding=\"async\" width=\"150\" height=\"150\" src=\"https:\/\/www.blumen-schwarz.de\/aktuell\/wp-content\/uploads\/2021\/10\/image-07-150x150.jpg\" class=\"attachment-thumbnail size-thumbnail\" alt=\"\" aria-describedby=\"gallery-1-258389\" srcset=\"https:\/\/www.blumen-schwarz.de\/aktuell\/wp-content\/uploads\/2021\/10\/image-07-150x150.jpg 150w, https:\/\/www.blumen-schwarz.de\/aktuell\/wp-content\/uploads\/2021\/10\/image-07-100x100.jpg 100w, https:\/\/www.blumen-schwarz.de\/aktuell\/wp-content\/uploads\/2021\/10\/image-07-1920x1920.jpg 1920w\" sizes=\"auto, (max-width: 150px) 100vw, 150px\" \/><\/a>\n\t\t\t<\/div>\n\t\t\t\t<figcaption class='wp-caption-text gallery-caption' id='gallery-1-258389'>\n\t\t\t\t\ud83d\ude42 Kauft Regional - im Zeitgeist vor 100 Jahren\n\t\t\t\t<\/figcaption><\/figure><figure class='gallery-item'>\n\t\t\t<div class='gallery-icon portrait'>\n\t\t\t\t<a href='https:\/\/www.blumen-schwarz.de\/aktuell\/geschichte\/1902-2\/image-06\/'><img loading=\"lazy\" decoding=\"async\" width=\"150\" height=\"150\" src=\"https:\/\/www.blumen-schwarz.de\/aktuell\/wp-content\/uploads\/2021\/10\/image-06-150x150.jpg\" class=\"attachment-thumbnail size-thumbnail\" alt=\"\" srcset=\"https:\/\/www.blumen-schwarz.de\/aktuell\/wp-content\/uploads\/2021\/10\/image-06-150x150.jpg 150w, https:\/\/www.blumen-schwarz.de\/aktuell\/wp-content\/uploads\/2021\/10\/image-06-100x100.jpg 100w, https:\/\/www.blumen-schwarz.de\/aktuell\/wp-content\/uploads\/2021\/10\/image-06-1920x1920.jpg 1920w\" sizes=\"auto, (max-width: 150px) 100vw, 150px\" \/><\/a>\n\t\t\t<\/div><\/figure><figure class='gallery-item'>\n\t\t\t<div class='gallery-icon portrait'>\n\t\t\t\t<a href='https:\/\/www.blumen-schwarz.de\/aktuell\/geschichte\/1902-2\/image-05\/'><img loading=\"lazy\" decoding=\"async\" width=\"150\" height=\"150\" src=\"https:\/\/www.blumen-schwarz.de\/aktuell\/wp-content\/uploads\/2021\/10\/image-05-150x150.png\" class=\"attachment-thumbnail size-thumbnail\" alt=\"\" aria-describedby=\"gallery-1-258387\" srcset=\"https:\/\/www.blumen-schwarz.de\/aktuell\/wp-content\/uploads\/2021\/10\/image-05-150x150.png 150w, https:\/\/www.blumen-schwarz.de\/aktuell\/wp-content\/uploads\/2021\/10\/image-05-100x100.png 100w, https:\/\/www.blumen-schwarz.de\/aktuell\/wp-content\/uploads\/2021\/10\/image-05-1920x1920.png 1920w\" sizes=\"auto, (max-width: 150px) 100vw, 150px\" \/><\/a>\n\t\t\t<\/div>\n\t\t\t\t<figcaption class='wp-caption-text gallery-caption' id='gallery-1-258387'>\n\t\t\t\tStudienreise nach D\u00e4nemark\n\t\t\t\t<\/figcaption><\/figure><figure class='gallery-item'>\n\t\t\t<div class='gallery-icon portrait'>\n\t\t\t\t<a href='https:\/\/www.blumen-schwarz.de\/aktuell\/geschichte\/1902-2\/image-02_v1\/'><img loading=\"lazy\" decoding=\"async\" width=\"150\" height=\"150\" src=\"https:\/\/www.blumen-schwarz.de\/aktuell\/wp-content\/uploads\/2021\/10\/image-02_v1-150x150.jpg\" class=\"attachment-thumbnail size-thumbnail\" alt=\"\" aria-describedby=\"gallery-1-258386\" srcset=\"https:\/\/www.blumen-schwarz.de\/aktuell\/wp-content\/uploads\/2021\/10\/image-02_v1-150x150.jpg 150w, https:\/\/www.blumen-schwarz.de\/aktuell\/wp-content\/uploads\/2021\/10\/image-02_v1-100x100.jpg 100w, https:\/\/www.blumen-schwarz.de\/aktuell\/wp-content\/uploads\/2021\/10\/image-02_v1-1920x1920.jpg 1920w\" sizes=\"auto, (max-width: 150px) 100vw, 150px\" \/><\/a>\n\t\t\t<\/div>\n\t\t\t\t<figcaption class='wp-caption-text gallery-caption' id='gallery-1-258386'>\n\t\t\t\tAm alten Standort Limbacher Str. 8\n\t\t\t\t<\/figcaption><\/figure><figure class='gallery-item'>\n\t\t\t<div class='gallery-icon landscape'>\n\t\t\t\t<a href='https:\/\/www.blumen-schwarz.de\/aktuell\/geschichte\/1902-2\/altebilder-0018\/'><img loading=\"lazy\" decoding=\"async\" width=\"150\" height=\"150\" src=\"https:\/\/www.blumen-schwarz.de\/aktuell\/wp-content\/uploads\/2021\/10\/alteBilder-0018-150x150.jpg\" class=\"attachment-thumbnail size-thumbnail\" alt=\"\" aria-describedby=\"gallery-1-258382\" srcset=\"https:\/\/www.blumen-schwarz.de\/aktuell\/wp-content\/uploads\/2021\/10\/alteBilder-0018-150x150.jpg 150w, https:\/\/www.blumen-schwarz.de\/aktuell\/wp-content\/uploads\/2021\/10\/alteBilder-0018-100x100.jpg 100w, https:\/\/www.blumen-schwarz.de\/aktuell\/wp-content\/uploads\/2021\/10\/alteBilder-0018-1920x1920.jpg 1920w\" sizes=\"auto, (max-width: 150px) 100vw, 150px\" \/><\/a>\n\t\t\t<\/div>\n\t\t\t\t<figcaption class='wp-caption-text gallery-caption' id='gallery-1-258382'>\n\t\t\t\tG\u00e4rtnerei im Winter\n\t\t\t\t<\/figcaption><\/figure><figure class='gallery-item'>\n\t\t\t<div class='gallery-icon landscape'>\n\t\t\t\t<a href='https:\/\/www.blumen-schwarz.de\/aktuell\/geschichte\/1902-2\/altebilder-0017\/'><img loading=\"lazy\" decoding=\"async\" width=\"150\" height=\"150\" src=\"https:\/\/www.blumen-schwarz.de\/aktuell\/wp-content\/uploads\/2021\/10\/alteBilder-0017-150x150.jpg\" class=\"attachment-thumbnail size-thumbnail\" alt=\"\" srcset=\"https:\/\/www.blumen-schwarz.de\/aktuell\/wp-content\/uploads\/2021\/10\/alteBilder-0017-150x150.jpg 150w, https:\/\/www.blumen-schwarz.de\/aktuell\/wp-content\/uploads\/2021\/10\/alteBilder-0017-100x100.jpg 100w, https:\/\/www.blumen-schwarz.de\/aktuell\/wp-content\/uploads\/2021\/10\/alteBilder-0017-1920x1920.jpg 1920w\" sizes=\"auto, (max-width: 150px) 100vw, 150px\" \/><\/a>\n\t\t\t<\/div><\/figure>\n\t\t<\/div>\n\n","protected":false},"excerpt":{"rendered":"<p>1902 Geburtsjahr der Kunsthandelsg\u00e4rtnerei Samenhandlung Johann Georg Schwarz in Schwabach Die 20er und 30er Jahre<\/p>\n","protected":false},"author":2,"featured_media":0,"parent":842,"menu_order":0,"comment_status":"closed","ping_status":"closed","template":"","meta":{"inline_featured_image":false,"footnotes":""},"class_list":["post-840","page","type-page","status-publish","hentry","thunk-woo-product-list","open-woo-hover-zoom","open-single-product-tab-horizontal","open-shadow-","open-shadow-hover-"],"_links":{"self":[{"href":"https:\/\/www.blumen-schwarz.de\/aktuell\/wp-json\/wp\/v2\/pages\/840","targetHints":{"allow":["GET"]}}],"collection":[{"href":"https:\/\/www.blumen-schwarz.de\/aktuell\/wp-json\/wp\/v2\/pages"}],"about":[{"href":"https:\/\/www.blumen-schwarz.de\/aktuell\/wp-json\/wp\/v2\/types\/page"}],"author":[{"embeddable":true,"href":"https:\/\/www.blumen-schwarz.de\/aktuell\/wp-json\/wp\/v2\/users\/2"}],"replies":[{"embeddable":true,"href":"https:\/\/www.blumen-schwarz.de\/aktuell\/wp-json\/wp\/v2\/comments?post=840"}],"version-history":[{"count":0,"href":"https:\/\/www.blumen-schwarz.de\/aktuell\/wp-json\/wp\/v2\/pages\/840\/revisions"}],"up":[{"embeddable":true,"href":"https:\/\/www.blumen-schwarz.de\/aktuell\/wp-json\/wp\/v2\/pages\/842"}],"wp:attachment":[{"href":"https:\/\/www.blumen-schwarz.de\/aktuell\/wp-json\/wp\/v2\/media?parent=840"}],"curies":[{"name":"wp","href":"https:\/\/api.w.org\/{rel}","templated":true}]}}