{"id":6371,"date":"2017-09-08T10:17:58","date_gmt":"2017-09-08T08:17:58","guid":{"rendered":"https:\/\/www.blumen-schwarz.de\/aktuell\/?page_id=6371"},"modified":"2021-10-05T11:55:15","modified_gmt":"2021-10-05T09:55:15","slug":"pflanzenliste","status":"publish","type":"page","link":"https:\/\/www.blumen-schwarz.de\/aktuell\/gartenbau\/ueberwinterung\/pflanzenliste\/","title":{"rendered":"Pflanzenliste"},"content":{"rendered":"<h2 align=\"left\">Problemlose \u00dcberwinterung<\/h2>\n<ul>\n<li>Agaven<\/li>\n<li>Bambus (auch Warmhausarten)<\/li>\n<li>Baumfarn (div. Cyanthaceae)<\/li>\n<li>Bux<\/li>\n<li>echte Feigen<\/li>\n<li>Engelstrompeten (Datura, Brugmansia)<\/li>\n<li>Enzianbaum und wei\u00dfer Jasmin<\/li>\n<li>Fuchsien<\/li>\n<li>Geldbaum (Crassula)<\/li>\n<li>Geranien<\/li>\n<li>Hammerstrauch<\/li>\n<li>Hortensien<\/li>\n<li>mediterane Palmen<\/li>\n<li>Oleander (Achtung Oleander treiben erst ab Mitte April neu, d.h. kranke Bl\u00e4tter im Herbst schauen im Fr\u00fchjahr erst einmal schlecht aus)<\/li>\n<li>Palmfarn (Cycas)<\/li>\n<li>Strelitzien<\/li>\n<li>Yucca, Dracaena<\/li>\n<li>Zitronen und Verwandte (Orangen, Grapefruit ...)<\/li>\n<li>Zylinderputzer (Callistemon)<\/li>\n<\/ul>\n<div align=\"left\"><\/div>\n<h2 align=\"left\">Pflanzen mit meist gutem Ergebnis:<\/h2>\n<div align=\"left\">\n<ul>\n<li>Camelien (Bl\u00fcte meistens w\u00e4hrend der \u00dcberwinterungszeit!)<\/li>\n<li>Wandelr\u00f6schen<\/li>\n<li>alle Arten von Zimmerficus<\/li>\n<li>Bergpalmen<\/li>\n<li>Margarite (Sorte Bofinger)<\/li>\n<li>Sch\u00f6nmalve (Abutilon)<\/li>\n<li>Kapmalve (Anisodonthea)<\/li>\n<li>winterharte Freilandgeh\u00f6lze (nur auf Anfrage!)<\/li>\n<li>Kakteen (werden bei 14\u00b0C \u00fcberwintert, im Kalthaus ist die Luftfeuchte zu hoch)<\/li>\n<\/ul>\n<\/div>\n<div align=\"left\"><\/div>\n<h2 align=\"left\">Pflanzen, die wir nicht \u00fcberwintern k\u00f6nnen<\/h2>\n<div align=\"left\">\n<ul>\n<li>Margariten<\/li>\n<li>Cassia - Gew\u00fcrzrinde<\/li>\n<li>Dipladenia \/ Mandevilla<\/li>\n<li>Hibiscus<\/li>\n<li>Lavendel (er wird zu weich - zu hohe Temperaturen)<\/li>\n<li>Natternkopf (Echium)<\/li>\n<li>Vanilleblume<\/li>\n<li>Passionsblume<\/li>\n<li>generell alle Pflanzen mit einem Topfdurchmesser, der kleiner als 25 cm ist.<\/li>\n<\/ul>\n<p>Dar\u00fcber hinaus stehen bei uns auch j\u00e4hrlich viele exotische und seltene Pflanzen.<br \/>\nFalls Ihre Pflanze nicht auf dieser Liste steht, fragen Sie bitte vorher telefonisch an!<\/p>\n<\/div>\n<p>&nbsp;<\/p>\n<p><a href=\"https:\/\/www.blumen-schwarz.de\/aktuell\/gartenbau\/ueberwinterung\/\">Zur\u00fcck zur \u00dcberwinterungsseite<\/a><\/p>\n","protected":false},"excerpt":{"rendered":"<p>Problemlose \u00dcberwinterung Agaven Bambus (auch Warmhausarten) Baumfarn (div. Cyanthaceae) Bux echte Feigen Engelstrompeten (Datura, Brugmansia) &hellip;<\/p>\n<p class=\"read-more\"> <a class=\" thunk-readmore button \" href=\"https:\/\/www.blumen-schwarz.de\/aktuell\/gartenbau\/ueberwinterung\/pflanzenliste\/\"> <span class=\"screen-reader-text\">Pflanzenliste<\/span>weiterlesen<\/a><\/p>\n","protected":false},"author":2,"featured_media":0,"parent":146,"menu_order":0,"comment_status":"closed","ping_status":"closed","template":"","meta":{"inline_featured_image":false,"footnotes":""},"class_list":["post-6371","page","type-page","status-publish","hentry","thunk-woo-product-list","open-woo-hover-zoom","open-single-product-tab-horizontal","open-shadow-","open-shadow-hover-"],"_links":{"self":[{"href":"https:\/\/www.blumen-schwarz.de\/aktuell\/wp-json\/wp\/v2\/pages\/6371","targetHints":{"allow":["GET"]}}],"collection":[{"href":"https:\/\/www.blumen-schwarz.de\/aktuell\/wp-json\/wp\/v2\/pages"}],"about":[{"href":"https:\/\/www.blumen-schwarz.de\/aktuell\/wp-json\/wp\/v2\/types\/page"}],"author":[{"embeddable":true,"href":"https:\/\/www.blumen-schwarz.de\/aktuell\/wp-json\/wp\/v2\/users\/2"}],"replies":[{"embeddable":true,"href":"https:\/\/www.blumen-schwarz.de\/aktuell\/wp-json\/wp\/v2\/comments?post=6371"}],"version-history":[{"count":0,"href":"https:\/\/www.blumen-schwarz.de\/aktuell\/wp-json\/wp\/v2\/pages\/6371\/revisions"}],"up":[{"embeddable":true,"href":"https:\/\/www.blumen-schwarz.de\/aktuell\/wp-json\/wp\/v2\/pages\/146"}],"wp:attachment":[{"href":"https:\/\/www.blumen-schwarz.de\/aktuell\/wp-json\/wp\/v2\/media?parent=6371"}],"curies":[{"name":"wp","href":"https:\/\/api.w.org\/{rel}","templated":true}]}}