{"id":44790,"date":"2018-01-07T21:32:02","date_gmt":"2018-01-07T20:32:02","guid":{"rendered":"https:\/\/www.blumen-schwarz.de\/aktuell\/?page_id=44790"},"modified":"2022-12-14T08:21:24","modified_gmt":"2022-12-14T07:21:24","slug":"kundenkarte","status":"publish","type":"page","link":"https:\/\/www.blumen-schwarz.de\/aktuell\/kundenkarte\/","title":{"rendered":"Kundenkarte"},"content":{"rendered":"<h3>Ihre Vorteile auf einen Blick<\/h3>\n<ul>\n<li>j\u00e4hrlich im Januar bekommen Sie einen Einkaufsgutschein \u00fcber 3% Ihres j\u00e4hrlichen Umsatzes (inklusive aller Rechnungen). Dieser Einkaufsgutschein ist zeitlich befristet bis zum 31.03. des jeweiligen Jahres einl\u00f6sbar.<\/li>\n<li>Zusendung unsere Programmhefte per Post.<\/li>\n<li>informativer, interessanter Emailrundbrief (4 - 7 mal im Jahr) mit aktuellen Tipps, Pflegehinweisen und Neuvorstellungen.<\/li>\n<\/ul>\n<h3>Tipps zum j\u00e4hrlichen Einkaufsgutschein<\/h3>\n<p>Wir versenden die Gutscheine meistens im Laufe des Januars mit dem dazugeh\u00f6rigem Jahresprogramm. Unabh\u00e4ngig davon ist Ihr Gutschein ab dem 2. Januar in unserem Kassensystem.\u00a0 Sie ben\u00f6tigen daher den \"Papiergutschein\" nicht und k\u00f6nnen gleich im neuen Jahr loslegen.<\/p>\n<p>Die G\u00fcltigkeit dieses Aktiongutscheines ist jedes Jahr bis zum 31. M\u00e4rz des jeweiligen Jahres begrenzt. Bitte haben Sie Verst\u00e4ndnis, dass wir hier keine Ausnahmen machen. und diese Gutscheine nicht verl\u00e4ngen. Unsere Gutscheine sehen wir als \"Win-Win\"-Aktion. Wir geben Ihnen einen Preisnachlass und gleichzeitig kommen Sie in einer eher ruhigen Jahreszeit daf\u00fcr in unser Gesch\u00e4ft. Nur so funktioniert es. Wenn wir die Gutscheine w\u00e4hrend der Hauptsaison im Mai einl\u00f6sen w\u00fcrden, w\u00e4re es nur ein einseitiger Gewinn. Die Beschr\u00e4nkung auf die kalte Jahreszeit bis Ende M\u00e4rz, ist die Garantie f\u00fcr Sie, dass wir das Gutscheinsystem dauerhaft weiterlaufen lassen.<\/p>\n<p><strong>Wir unterscheiden klar zwischen gekauften Gutscheinen und dem Aktionsgutschein aus Ihrem j\u00e4hrlichem Umsatz. Gekaufte Gutscheine sind bei uns so lange g\u00fcltig, wie unser Gesch\u00e4ft existiert. Wir nehmen auch noch Gutscheine in D-Mark an. Erst letzte Woche wurde ein 8 Jahre alter Gutschein eingel\u00f6st. Das ist f\u00fcr uns kein Problem.<\/strong><\/p>\n<h3>Datenschutz<\/h3>\n<p>Nicht erst seit Prism und dem Abh\u00f6rskandal wird \u00fcber den Datenschutz und den gl\u00e4sernen Kunden diskutiert. Wir nehmen dieses Thema sehr ernst:<\/p>\n<ul>\n<li>Wir geben keine Kundendaten an andere Firmen weiter. Das gilt f\u00fcr unsere Webseite (kein versteckter Tracker von Google, Facebook, Amazon oder \u00e4hnlichem) wie f\u00fcr unsere internen Firmendaten.<\/li>\n<li>Alle Kundendaten liegen auf Servern innerhalb Deutschlands (inklusive unseres Web- und Mailservers). Wir betreiben diese Server selbst. So ist ein genauer \u00dcberblick, wer welche Daten einsehen kann, m\u00f6glich. Momentane Serverstandorte sind Schwabach und Falkenstein.<\/li>\n<li>Unsere Datenbank liegt auf Computern mit komplett-verschl\u00fcsselten Festplatten, sodass auch bei einem Diebstahl der Computer, niemand an Ihre Daten kommt.<\/li>\n<li>S\u00e4mtliche Kundendaten werden, auch firmenintern, \u00fcber verschl\u00fcsselte Verbindungen abgefragt. Bei Internetverbindungen meistens \u00fcber das ssh2 Protokoll, welches momentan als nicht entschl\u00fcsselbar gilt. Hier verwenden wir keine knackbare Passwortverschl\u00fcsselung, sondern das sogenannte Privat-Public-Key-Verfahren.<\/li>\n<li>Auf der Kundenkarte sind keine unsichtbaren RFID Tags, Magnetstreifen mit Zusatzinformationen oder \u00e4hnliches versteckt. Einziges, wichtiges Merkmal der Kundenkarte ist der Barcode. Dieser enth\u00e4lt nur Ihre interne Adressdaten-ID. Damit sind auch bei Verlust der Kundenkarte nur Ihr Vorname und Nachname lesbar. Die Adressdaten-ID (eine f\u00fcnfstellige Nummer) ist ohne Zugriff auf unsere Datenbank wertlos.<\/li>\n<li>Emailrundbriefe werden bei uns nur nach Einverst\u00e4ndnis des Besitzers verschickt. Auch wenn wir Ihre Mailadresse kennen, bekommen Sie damit nicht automatisch den Rundbrief.<\/li>\n<li>Unsere Mitarbeiter sind angewiesen, mit Ihren Daten sorgf\u00e4ltig und zuverl\u00e4ssig umzugehen.<\/li>\n<li>Weitere Informationen zum Datenschutz finden Sie auf unserer <a href=\"https:\/\/www.blumen-schwarz.de\/aktuell\/ueber-uns\/impressum\/\">Impressum Seite<\/a>.<\/li>\n<\/ul>\n","protected":false},"excerpt":{"rendered":"<p>Ihre Vorteile auf einen Blick j\u00e4hrlich im Januar bekommen Sie einen Einkaufsgutschein \u00fcber 3% Ihres &hellip;<\/p>\n<p class=\"read-more\"> <a class=\" thunk-readmore button \" href=\"https:\/\/www.blumen-schwarz.de\/aktuell\/kundenkarte\/\"> <span class=\"screen-reader-text\">Kundenkarte<\/span>weiterlesen<\/a><\/p>\n","protected":false},"author":1,"featured_media":0,"parent":0,"menu_order":0,"comment_status":"closed","ping_status":"closed","template":"","meta":{"inline_featured_image":false,"footnotes":""},"class_list":["post-44790","page","type-page","status-publish","hentry","thunk-woo-product-list","open-woo-hover-zoom","open-single-product-tab-horizontal","open-shadow-","open-shadow-hover-"],"_links":{"self":[{"href":"https:\/\/www.blumen-schwarz.de\/aktuell\/wp-json\/wp\/v2\/pages\/44790","targetHints":{"allow":["GET"]}}],"collection":[{"href":"https:\/\/www.blumen-schwarz.de\/aktuell\/wp-json\/wp\/v2\/pages"}],"about":[{"href":"https:\/\/www.blumen-schwarz.de\/aktuell\/wp-json\/wp\/v2\/types\/page"}],"author":[{"embeddable":true,"href":"https:\/\/www.blumen-schwarz.de\/aktuell\/wp-json\/wp\/v2\/users\/1"}],"replies":[{"embeddable":true,"href":"https:\/\/www.blumen-schwarz.de\/aktuell\/wp-json\/wp\/v2\/comments?post=44790"}],"version-history":[{"count":0,"href":"https:\/\/www.blumen-schwarz.de\/aktuell\/wp-json\/wp\/v2\/pages\/44790\/revisions"}],"wp:attachment":[{"href":"https:\/\/www.blumen-schwarz.de\/aktuell\/wp-json\/wp\/v2\/media?parent=44790"}],"curies":[{"name":"wp","href":"https:\/\/api.w.org\/{rel}","templated":true}]}}