{"id":3011,"date":"2016-12-31T19:44:54","date_gmt":"2016-12-31T18:44:54","guid":{"rendered":"https:\/\/www.blumen-schwarz.de\/aktuell\/?page_id=3011"},"modified":"2021-10-05T10:54:03","modified_gmt":"2021-10-05T08:54:03","slug":"haarschmuck-ringe-und-anstecker","status":"publish","type":"page","link":"https:\/\/www.blumen-schwarz.de\/aktuell\/floristik\/hochzeitsfloristik\/haarschmuck-ringe-und-anstecker\/","title":{"rendered":"Haarschmuck, Ringe und Anstecker"},"content":{"rendered":"<p>Bei uns in der Familie ist der florale Schmuck angekommen. Keine Hochzeit oder Feier, wo wir nicht florale Ringe, florale Krawatten oder blumigen Haarschmuck tragen. Es ist f\u00fcr uns ein echtes Erlebnis jedes Mal erneut die Begeisterung der anderen G\u00e4ste zu sehen. Blumen kommen einfach an. Trauen Sie sich auch einmal \"floral\" zu gehen.<\/p>\n<p><a href=\"#ring\">Ringkissen<\/a> \u00a0 \u00a0<a href=\"https:\/\/www.blumen-schwarz.de\/aktuell\/floristik\/hochzeitsfloristik\/\">Brautstr\u00e4u\u00dfe<\/a> \u00a0\u00a0 <a href=\"https:\/\/www.blumen-schwarz.de\/aktuell\/floristik\/hochzeitsfloristik\/autoschmuck\/\">Autoschmuck<\/a><\/p>\n<p>&nbsp;<\/p>\n\t\t<div class=\"fotorama responsive-image-silder\"\r\n\t\t\tdata-width=80%\t\t\t\t\t\t\t\t\tdata-height=\"\"\t\t\t\t\t\t\t\t\tdata-ratio=4\/3\t\t\t\t\t\t\t\t\tdata-nav=thumbs\t\t\t\t\t\tdata-navposition=bottom\t\t\t\t\t\t\t\t\t\t\t\tdata-thumbborderwidth=3\t\t\tdata-allowfullscreen=native\t\t\tdata-fit=scaledown\t\t\tdata-thumbfit=cover\t\t\tdata-transition=slide\t\t\tdata-click=true \r\n\t\t\tdata-transitionduration=300\t\t\t\t\t\tcaption\t\t\tdata-hash=false\t\t\tdata-autoplay=false\t\t\tdata-stopautoplayontouch=true\t\t\tdata-loop=true\t\t\tdata-keyboard=true\t\t\tdata-arrow=true\t\t\tdata-click=true\t\t\tdata-swipe=true\t\t\tdata-trackpad=true\t\t\tdata-shuffle=false\t\t\tdata-direction=ltr\t\t\tdata-spinner=true\t\t\t>\r\n\t\t\t<img decoding=\"async\" src=\"https:\/\/www.blumen-schwarz.de\/aktuell\/wp-content\/uploads\/2016\/12\/IMG_20160910_102217_v1.jpg\" data-caption=\"florale Kette aus Hortensien, Typha und Leuchterblume\"><img decoding=\"async\" src=\"https:\/\/www.blumen-schwarz.de\/aktuell\/wp-content\/uploads\/2016\/12\/P1460481.jpg\" data-caption=\"floraler Armreif - hier passend zu Kette und Haarschmuck\"><img decoding=\"async\" src=\"https:\/\/www.blumen-schwarz.de\/aktuell\/wp-content\/uploads\/2016\/12\/P1460477-rotated.jpg\" data-caption=\"herbstlicher Haarschmuck mit Hortensie\"><img decoding=\"async\" src=\"https:\/\/www.blumen-schwarz.de\/aktuell\/wp-content\/uploads\/2016\/12\/P1460480.jpg\" data-caption=\"florale Kette mit Leuchterblume, Hortensien und Beeren\"><img decoding=\"async\" src=\"https:\/\/www.blumen-schwarz.de\/aktuell\/wp-content\/uploads\/2016\/12\/P1450344.jpg\" data-caption=\"einfach s\u00fc\u00df, orange Rosen im Haar\"><img decoding=\"async\" src=\"https:\/\/www.blumen-schwarz.de\/aktuell\/wp-content\/uploads\/2016\/12\/P1450393-rotated.jpg\" data-caption=\"passend zum Haarschmuck der Braut: Der Anstecker f\u00fcr den Br\u00e4utigam\"><img decoding=\"async\" src=\"https:\/\/www.blumen-schwarz.de\/aktuell\/wp-content\/uploads\/2016\/12\/original_hochzeit_43_jpg.jpeg\" data-caption=\"floraler Anstecker aus Phalaenopsis\"><img decoding=\"async\" src=\"https:\/\/www.blumen-schwarz.de\/aktuell\/wp-content\/uploads\/2016\/12\/P1460229.jpg\" data-caption=\"wilder Sommerarmreif aus Leuchterblume und Hortensien\"><img decoding=\"async\" src=\"https:\/\/www.blumen-schwarz.de\/aktuell\/wp-content\/uploads\/2016\/12\/P1440741.jpg\" data-caption=\"Armreif mit Chrysanthemenbl\u00fcten und Ornithogalum\"><img decoding=\"async\" src=\"https:\/\/www.blumen-schwarz.de\/aktuell\/wp-content\/uploads\/2016\/12\/P1440733.jpg\" data-caption=\"Trommelst\u00f6cke, Wachsflower und Ripsalis als Armreif\"><img decoding=\"async\" src=\"https:\/\/www.blumen-schwarz.de\/aktuell\/wp-content\/uploads\/2016\/12\/hochzeits-anstecker-026.jpg\" data-caption=\"florales Armband\"><img decoding=\"async\" src=\"https:\/\/www.blumen-schwarz.de\/aktuell\/wp-content\/uploads\/2016\/12\/P1440732.jpg\" data-caption=\"Hauswurz, Ripsalis und div. andere Blumen als Armreif verarbeitet\"><img decoding=\"async\" src=\"https:\/\/www.blumen-schwarz.de\/aktuell\/wp-content\/uploads\/2016\/12\/P1440730.jpg\" data-caption=\"Typha und Hyacinthen - floraler Ring\"><img decoding=\"async\" src=\"https:\/\/www.blumen-schwarz.de\/aktuell\/wp-content\/uploads\/2016\/12\/P1440737.jpg\" data-caption=\"floraler Anstecker\"><img decoding=\"async\" src=\"https:\/\/www.blumen-schwarz.de\/aktuell\/wp-content\/uploads\/2016\/12\/P1440728.jpg\" data-caption=\"flauschiger Ring aus Hauswurz\"><img decoding=\"async\" src=\"https:\/\/www.blumen-schwarz.de\/aktuell\/wp-content\/uploads\/2016\/12\/IMG_0020-1-1.jpg\" data-caption=\"Anstecker aus Phalaenopsisbl\u00fcte und Frauenmantel\"><img decoding=\"async\" src=\"https:\/\/www.blumen-schwarz.de\/aktuell\/wp-content\/uploads\/2016\/12\/original_img_0139_jpg.jpeg\" data-caption=\"floraler Anstecker mit Cymbidium Orchidee\"><img decoding=\"async\" src=\"https:\/\/www.blumen-schwarz.de\/aktuell\/wp-content\/uploads\/2016\/12\/original_hochzeits-anstecker-002_jpg.jpeg\" data-caption=\"Blumenanstecker f\u00fcr Braut, Br\u00e4utigam, Hochzeitsg\u00e4ste, Blumenkinder ... :-)\"><img decoding=\"async\" src=\"https:\/\/www.blumen-schwarz.de\/aktuell\/wp-content\/uploads\/2016\/12\/original_img_0008_jpg-1.jpeg\" data-caption=\"Haarschmuck als Ring - hier aus Hyacinthenbl\u00fcten\"><img decoding=\"async\" src=\"https:\/\/www.blumen-schwarz.de\/aktuell\/wp-content\/uploads\/2016\/12\/original_img_0005_jpg-1.jpeg\" data-caption=\"Spiralenhaarschmuck\"><img decoding=\"async\" src=\"https:\/\/www.blumen-schwarz.de\/aktuell\/wp-content\/uploads\/2016\/12\/original_img_0004_jpg-1.jpeg\" data-caption=\"Spiralenhaarschmuck\"><img decoding=\"async\" src=\"https:\/\/www.blumen-schwarz.de\/aktuell\/wp-content\/uploads\/2016\/12\/original_img_0001_jpg-1.jpeg\" data-caption=\"Anstecker\"><img decoding=\"async\" src=\"https:\/\/www.blumen-schwarz.de\/aktuell\/wp-content\/uploads\/2016\/12\/original_hochzeits-anstecker-006_jpg.jpeg\" data-caption=\"Anstecker aus Schachtelhalm und Orchideenbl\u00fcte\"><img decoding=\"async\" src=\"https:\/\/www.blumen-schwarz.de\/aktuell\/wp-content\/uploads\/2016\/12\/original_hochzeits-anstecker-005_jpg.jpeg\" data-caption=\"Blumenanstecker f\u00fcr Braut, Br\u00e4utigam, Hochzeitsg\u00e4ste, Blumenkinder ... :-)\"><img decoding=\"async\" src=\"https:\/\/www.blumen-schwarz.de\/aktuell\/wp-content\/uploads\/2016\/12\/original_hochzeits-anstecker-008_jpg.jpeg\" data-caption=\"Anstecker aus Leuchterblumen\"><img decoding=\"async\" src=\"https:\/\/www.blumen-schwarz.de\/aktuell\/wp-content\/uploads\/2016\/12\/original_hochzeits-anstecker-010_jpg.jpeg\" data-caption=\"Orchideenanstecker\"><img decoding=\"async\" src=\"https:\/\/www.blumen-schwarz.de\/aktuell\/wp-content\/uploads\/2016\/12\/original_hochzeits-anstecker-016_jpg.jpeg\" data-caption=\"Rosenanstecker\"><img decoding=\"async\" src=\"https:\/\/www.blumen-schwarz.de\/aktuell\/wp-content\/uploads\/2016\/12\/original_hochzeits-anstecker-030_jpg.jpeg\" data-caption=\"Calla als Anstecker\"><img decoding=\"async\" src=\"https:\/\/www.blumen-schwarz.de\/aktuell\/wp-content\/uploads\/2016\/12\/original_hochzeits-anstecker-011_jpg.jpeg\" data-caption=\"Anstecker aus Draht, Tillandsien, Hypericum\"><img decoding=\"async\" src=\"https:\/\/www.blumen-schwarz.de\/aktuell\/wp-content\/uploads\/2016\/12\/original_hochzeits-anstecker-015_jpg.jpeg\" data-caption=\"fr\u00fchingshafter Anstecker aus Hyazinthen, Asparagus und Galaxbl\u00e4ttern\"><img decoding=\"async\" src=\"https:\/\/www.blumen-schwarz.de\/aktuell\/wp-content\/uploads\/2016\/12\/original_hochzeits-anstecker-018_jpg.jpeg\" data-caption=\"Rosenanstecker\"><img decoding=\"async\" src=\"https:\/\/www.blumen-schwarz.de\/aktuell\/wp-content\/uploads\/2016\/12\/original_hochzeits-anstecker-021_jpg_v1.jpg\" data-caption=\"Anstecker\"><img decoding=\"async\" src=\"https:\/\/www.blumen-schwarz.de\/aktuell\/wp-content\/uploads\/2016\/12\/P1450198_v1.jpg\" data-caption=\"florale Kette aus Hauswurz - wundersch\u00f6n und w\u00e4chst auch noch weiter\"><img decoding=\"async\" src=\"https:\/\/www.blumen-schwarz.de\/aktuell\/wp-content\/uploads\/2016\/12\/hochzeits-anstecker-024.jpg\" data-caption=\"florale Kette u.a. mit Leuchterblume\"><img decoding=\"async\" src=\"https:\/\/www.blumen-schwarz.de\/aktuell\/wp-content\/uploads\/2016\/12\/original_hochzeits-anstecker-004_jpg.jpeg\" data-caption=\"Rosenkinder - Haarschmuck\"><img decoding=\"async\" src=\"https:\/\/www.blumen-schwarz.de\/aktuell\/wp-content\/uploads\/2016\/12\/original_hochzeits-anstecker-023_jpg.jpeg\" data-caption=\"Haarring\"><img decoding=\"async\" src=\"https:\/\/www.blumen-schwarz.de\/aktuell\/wp-content\/uploads\/2016\/12\/original_hochzeits-anstecker-028_jpg.jpeg\" data-caption=\"Aufwendig und wundersch\u00f6n gearbeitet.\"><img decoding=\"async\" src=\"https:\/\/www.blumen-schwarz.de\/aktuell\/wp-content\/uploads\/2016\/12\/original_hochzeits-anstecker-027_jpg.jpeg\" data-caption=\"Haarschmuck f\u00fcr die Braut * das Bild haben wir von unseren Kunden zur Verf\u00fcgung bekommen * vielen Dank daf\u00fcr\"><img decoding=\"async\" src=\"https:\/\/www.blumen-schwarz.de\/aktuell\/wp-content\/uploads\/2016\/12\/original_img_2227_jpg.jpeg\" data-caption=\"Brautschuhe mit Chrysanthemenbl\u00fcten\n\nDas Bild entstand auf der Internationalen Pflanzenmesse (IPM 2009).\"><img decoding=\"async\" src=\"https:\/\/www.blumen-schwarz.de\/aktuell\/wp-content\/uploads\/2016\/12\/original_img_2253_jpg_v1.jpg\" data-caption=\"Floraler Brautschuh\n\nDas Bild entstand auf der Internationalen Pflanzenmesse (IPM 2009).\"><img decoding=\"async\" src=\"https:\/\/www.blumen-schwarz.de\/aktuell\/wp-content\/uploads\/2016\/12\/P1130650-rotated.jpg\" data-caption=\"floraler G\u00fcrtel aus Bromelien und Orchideen\nBild entstand auf der IPM 2014 in Essen\"><img decoding=\"async\" src=\"https:\/\/www.blumen-schwarz.de\/aktuell\/wp-content\/uploads\/2016\/12\/P1130596-rotated.jpg\" data-caption=\"florales Kleid\nBild entstand auf der IPM 2014 in Essen\"><img decoding=\"async\" src=\"https:\/\/www.blumen-schwarz.de\/aktuell\/wp-content\/uploads\/2016\/12\/P1130500_v1.jpg\" data-caption=\"Kleid aus Maranthenbl\u00e4ttern und Farnen\n\nBild entstand auf der IPM 2014 in Essen\"><img decoding=\"async\" src=\"https:\/\/www.blumen-schwarz.de\/aktuell\/wp-content\/uploads\/2016\/12\/P1130651-rotated.jpg\" data-caption=\"floraler Brautschmuck - festlicher geht es nicht mehr\nBild entstand auf der IPM 2014 in Essen\">\t\t<\/div>\r\n\t\t\n<h4><\/h4>\n<h4>Ringtr\u00e4ger und Sonstiges<\/h4>\n\t\t<div class=\"fotorama responsive-image-silder\"\r\n\t\t\tdata-width=80%\t\t\t\t\t\t\t\t\tdata-height=\"\"\t\t\t\t\t\t\t\t\tdata-ratio=4\/3\t\t\t\t\t\t\t\t\tdata-nav=thumbs\t\t\t\t\t\tdata-navposition=bottom\t\t\t\t\t\t\t\t\t\t\t\tdata-thumbborderwidth=3\t\t\tdata-allowfullscreen=native\t\t\tdata-fit=scaledown\t\t\tdata-thumbfit=cover\t\t\tdata-transition=slide\t\t\tdata-click=true \r\n\t\t\tdata-transitionduration=300\t\t\t\t\t\tcaption\t\t\tdata-hash=false\t\t\tdata-autoplay=false\t\t\tdata-stopautoplayontouch=true\t\t\tdata-loop=true\t\t\tdata-keyboard=true\t\t\tdata-arrow=true\t\t\tdata-click=true\t\t\tdata-swipe=true\t\t\tdata-trackpad=true\t\t\tdata-shuffle=false\t\t\tdata-direction=ltr\t\t\tdata-spinner=true\t\t\t>\r\n\t\t\t<img decoding=\"async\" src=\"https:\/\/www.blumen-schwarz.de\/aktuell\/wp-content\/uploads\/2017\/01\/P1450327.jpg\" data-caption=\"kleiner Strau\u00df als Ringkissenersatz\"><img decoding=\"async\" src=\"https:\/\/www.blumen-schwarz.de\/aktuell\/wp-content\/uploads\/2017\/01\/P1450325.jpg\" data-caption=\"kleiner Strau\u00df als Ringkissenersatz\"><img decoding=\"async\" src=\"https:\/\/www.blumen-schwarz.de\/aktuell\/wp-content\/uploads\/2017\/01\/original_hochzeits-anstecker-009_jpg.jpeg\" data-caption=\"Halter in Herzform f\u00fcr die Trauringe\"><img decoding=\"async\" src=\"https:\/\/www.blumen-schwarz.de\/aktuell\/wp-content\/uploads\/2016\/12\/original_brautstrauss-008_jpg.jpeg\" data-caption=\"Ringstrau\u00df - sch\u00f6n zusehen sind die beiden Halter f\u00fcr die Trauringe\"><img decoding=\"async\" src=\"https:\/\/www.blumen-schwarz.de\/aktuell\/wp-content\/uploads\/2017\/01\/2013-08-17_098-1.jpg\" data-caption=\"Ringhalter: Mooskugel mit Efeubl\u00e4ttern umwickelt. Eine Dendrobiebl\u00fcte ziert und wertet auf. Zur Befestigung dient gebogener Aludraht.\"><img decoding=\"async\" src=\"https:\/\/www.blumen-schwarz.de\/aktuell\/wp-content\/uploads\/2017\/01\/mwei_20160910_hochzeit_schwarz_gemischt_362.jpg\" data-caption=\"Ringhalterung\">\t\t<\/div>\r\n\t\t\n<p>&nbsp;<\/p>\n","protected":false},"excerpt":{"rendered":"<p>Bei uns in der Familie ist der florale Schmuck angekommen. Keine Hochzeit oder Feier, wo &hellip;<\/p>\n<p class=\"read-more\"> <a class=\" thunk-readmore button \" href=\"https:\/\/www.blumen-schwarz.de\/aktuell\/responsive_slider\/hochzeit-ringkissen-und-sonstiges\/\"> <span class=\"screen-reader-text\">Hochzeit - Ringkissen und sonstiges<\/span>weiterlesen<\/a><\/p>\n","protected":false},"author":2,"featured_media":0,"parent":127,"menu_order":0,"comment_status":"closed","ping_status":"closed","template":"","meta":{"inline_featured_image":false,"footnotes":""},"class_list":["post-3011","page","type-page","status-publish","hentry","thunk-woo-product-list","open-woo-hover-zoom","open-single-product-tab-horizontal","open-shadow-","open-shadow-hover-"],"_links":{"self":[{"href":"https:\/\/www.blumen-schwarz.de\/aktuell\/wp-json\/wp\/v2\/pages\/3011","targetHints":{"allow":["GET"]}}],"collection":[{"href":"https:\/\/www.blumen-schwarz.de\/aktuell\/wp-json\/wp\/v2\/pages"}],"about":[{"href":"https:\/\/www.blumen-schwarz.de\/aktuell\/wp-json\/wp\/v2\/types\/page"}],"author":[{"embeddable":true,"href":"https:\/\/www.blumen-schwarz.de\/aktuell\/wp-json\/wp\/v2\/users\/2"}],"replies":[{"embeddable":true,"href":"https:\/\/www.blumen-schwarz.de\/aktuell\/wp-json\/wp\/v2\/comments?post=3011"}],"version-history":[{"count":0,"href":"https:\/\/www.blumen-schwarz.de\/aktuell\/wp-json\/wp\/v2\/pages\/3011\/revisions"}],"up":[{"embeddable":true,"href":"https:\/\/www.blumen-schwarz.de\/aktuell\/wp-json\/wp\/v2\/pages\/127"}],"wp:attachment":[{"href":"https:\/\/www.blumen-schwarz.de\/aktuell\/wp-json\/wp\/v2\/media?parent=3011"}],"curies":[{"name":"wp","href":"https:\/\/api.w.org\/{rel}","templated":true}]}}