{"id":278178,"date":"2023-12-18T14:34:00","date_gmt":"2023-12-18T13:34:00","guid":{"rendered":"https:\/\/www.blumen-schwarz.de\/aktuell\/?page_id=278178"},"modified":"2025-06-12T11:45:24","modified_gmt":"2025-06-12T09:45:24","slug":"24h-laden-immer-fuer-sie-geoeffnet","status":"publish","type":"page","link":"https:\/\/www.blumen-schwarz.de\/aktuell\/24h-laden-immer-fuer-sie-geoeffnet\/","title":{"rendered":"24h Laden - immer f\u00fcr Sie ge\u00f6ffnet"},"content":{"rendered":"<p>Hinweis: Im Raum Ansbach finden Sie unsere gesamte<a href=\"https:\/\/www.blumen-schwarz.de\/aktuell\/24-7-unsere-landgaertnerei-ist-immer-fuer-sie-offen\/2025\/03\/\"> Landg\u00e4rtnerei in Rutzendorf 24h am Tag ge\u00f6ffnet.<\/a><\/p>\n<h1>24h an allen Tagen im Jahr ge\u00f6ffnet.<\/h1>\n<figure id=\"attachment_277775\" aria-describedby=\"caption-attachment-277775\" style=\"width: 500px\" class=\"wp-caption alignright\"><a href=\"https:\/\/www.blumen-schwarz.de\/aktuell\/wp-content\/uploads\/2023\/11\/IMG_20231111_214049-scaled.jpg\"><img loading=\"lazy\" decoding=\"async\" class=\"wp-image-277775 size-medium\" src=\"https:\/\/www.blumen-schwarz.de\/aktuell\/wp-content\/uploads\/2023\/11\/IMG_20231111_214049-500x375.jpg\" alt=\"24h f\u00fcr Sie ge\u00f6ffnet - mit Selbstbedienungskasse\" width=\"500\" height=\"375\" srcset=\"https:\/\/www.blumen-schwarz.de\/aktuell\/wp-content\/uploads\/2023\/11\/IMG_20231111_214049-500x375.jpg 500w, https:\/\/www.blumen-schwarz.de\/aktuell\/wp-content\/uploads\/2023\/11\/IMG_20231111_214049-scaled-620x465.jpg 620w, https:\/\/www.blumen-schwarz.de\/aktuell\/wp-content\/uploads\/2023\/11\/IMG_20231111_214049-1440x1080.jpg 1440w, https:\/\/www.blumen-schwarz.de\/aktuell\/wp-content\/uploads\/2023\/11\/IMG_20231111_214049-768x576.jpg 768w, https:\/\/www.blumen-schwarz.de\/aktuell\/wp-content\/uploads\/2023\/11\/IMG_20231111_214049-1536x1152.jpg 1536w, https:\/\/www.blumen-schwarz.de\/aktuell\/wp-content\/uploads\/2023\/11\/IMG_20231111_214049-2048x1536.jpg 2048w, https:\/\/www.blumen-schwarz.de\/aktuell\/wp-content\/uploads\/2023\/11\/IMG_20231111_214049-1920x1440.jpg 1920w\" sizes=\"auto, (max-width: 500px) 100vw, 500px\" \/><\/a><figcaption id=\"caption-attachment-277775\" class=\"wp-caption-text\">24h f\u00fcr Sie ge\u00f6ffnet - mit Selbstbedienungskasse<\/figcaption><\/figure>\n<p>In unserem 24h Stunden in Schwabach bekommen Sie 24h am Tag Blumenstr\u00e4u\u00dfe, Blumenarrangements und jahreszeitliche Pflanzungen.<\/p>\n<h1>So gehts<\/h1>\n<ul>\n<li>\n<h4><a href=\"https:\/\/n3.blumen-schwarz.net\/bilder\/aktuell.htm\" target=\"_blank\" rel=\"noopener\">Hier von daheim ansehen,<\/a> was gerade angeboten wird.<\/h4>\n<\/li>\n<li>(Die Kameras machen automatisch ein Bild, wenn der letzte Kunde den Laden wieder verlassen hat). Die Bilder sind extra in hoher Aufl\u00f6sung, damit Sie in jede Ecke scrollen k\u00f6nnen und eine gute \u00dcbersicht \u00fcber die Werkst\u00fccke haben.\n<ul>\n<li>Am besten den direkten Link als Lesezeichen speichern.<\/li>\n<li>Der Laden ist <a href=\"#INF\">video\u00fcberwacht.*<\/a><\/li>\n<\/ul>\n<\/li>\n<li>Durch die kleine Automatikt\u00fcr (10m links neben unserem Haupteingang in der Limbacher Str. in Schwabach) eintreten.\n<ul>\n<li>Der Laden wird im Sommer aktiv gek\u00fchlt. Ihre Str\u00e4u\u00dfe sind daher super frisch.<\/li>\n<\/ul>\n<\/li>\n<li>Blumenstrau\u00df oder Arrangement ausw\u00e4hlen.\n<ul>\n<li>Bitte beachten Sie, dass Sie nur Waren, die mit einem Barcode versehen sind, an der Selbstbedienungskasse bezahlen k\u00f6nnen.<\/li>\n<\/ul>\n<\/li>\n<li>Zum Touchscreen des Selbstbedienungsterminal gehen und Kassenvorgang starten.<\/li>\n<li>Barcode des Artikels scannen.<\/li>\n<li>Optional k\u00f6nnen Sie noch eine wasserdichte Pappvase dazu nehmen (und scannen). Damit lassen sich die Str\u00e4u\u00dfe sehr sch\u00f6n transportieren. Das Wasser k\u00f6nnen Sie aus unserer Ladenvase einfach umsch\u00fctten (bitte nicht \u00fcber dem EC Kartenterminal!).<\/li>\n<li>Auf Bezahlen gehen.\n<ul>\n<li>Sie k\u00f6nnen mit EC \/\u00a0 Giro oder Kreditkarte (Visa und Master) bezahlen. Auch Smartphonel\u00f6sungen funktionieren meistens.<\/li>\n<li>Alternativ steht Ihnen die Bezahlung als Barzahlung in unsere Barkasse (wenn es geht, dies aus Sicherheitsgr\u00fcnden vermeiden) zur Verf\u00fcgung.<\/li>\n<\/ul>\n<\/li>\n<li>Kassiervorgang abschlie\u00dfen, in dem Sie sich den Kassenbon erstellen.\n<ul>\n<li>Der Kassenbon kann entweder ausgedruckt werden oder<\/li>\n<li>Sie w\u00e4hlen die digitale Alternative. Hier wird Ihnen ein QR Code zum Download des Kassenbons angezeigt.<\/li>\n<\/ul>\n<\/li>\n<li>Fertig.<\/li>\n<\/ul>\n<h1>Fragen, die uns immer wieder gestellt werden<\/h1>\n<h3>Kann ich den Einkauf auf mein Kundenkonto schreiben lassen?<\/h3>\n<p>Ja das geht. Unsere Kasse fragt Ihre Kundennummer ab (diese m\u00fcssen Sie dazu kennen) und als Sicherheits\u00fcberpr\u00fcfung Ihre Hausnummer (um Datenabfragen zu verhindern). Ihre Kundennummer erhalten Sie bei der Zusendung unserer Programme, einfach telefonisch oder beim n\u00e4chsten Einkauf bei uns. Tipp: Kundennummer einfach im Handy speichern.<\/p>\n<h3>Kann ich den Einkauf nachtr\u00e4glich auf mein Kundenkonto schreiben lassen?<\/h3>\n<p>Ja, auch das geht. Aber nur, wenn wir Sie uns den Kassenbon zeigen (mit der Rechnungsnummer). Bitte bevorzugen Sie die direkte Eingabe.<\/p>\n<h3>Kann ich Gutschriften von meinem Kundenkonto verrechnen?<\/h3>\n<p>Hier scheitert unsere aktuelle Software aktuell noch. Wir hoffen auf die n\u00e4chste Softwareversion.<\/p>\n<h3>Kann ich an selbst ein neues Kundenkonto anlegen?<\/h3>\n<p>Nein, das geht leider nur an unseren regul\u00e4ren Kassen oder online \u00fcber eine Webshopbestellung.<\/p>\n<h3>Kann ich an auch w\u00e4hrend der \u00d6ffnungszeiten selbst kassieren?<\/h3>\n<p>Ja, auch das ist m\u00f6glich. Bitte beachten Sie aber, dass wir aktuell aus Umweltschutzgr\u00fcnden, nicht alle Pflanzen mit Barcode ausgezeichnet haben. Sie k\u00f6nnen aber nur Pflanzen und Ware mit Barcode scannen und bezahlen.<\/p>\n<h3>Kann ich w\u00e4hrend der \u00d6ffnungszeiten auch Pflanzen aus anderen Gew\u00e4chsh\u00e4usern und dem Laden bezahlen?<\/h3>\n<p>Auch das geht, wenn die Pflanzen mit Barcode ausgezeichnet sind.\u00a0 Die Selbstbedienungskasse greift auf den gleichen Datensatz, wie alle anderen Kassen, zu.<\/p>\n<h3>Ist es an der Selbstbedienungskasse teurer oder billiger?<\/h3>\n<p>Abgesehen von tempor\u00e4ren Aktionen, zahlen Sie den gleichen Preis, wie an der normalen Kassen.<\/p>\n<h3>Kann ich auf Lieferschein kaufen, damit der Strau\u00df in unserer monatlichen Sammelrechnung berechnet wird?<\/h3>\n<p>Auch das geht. Aber nur, wenn Sie Ihre Kundennummer wissen (und Ihre Hausnummer).<\/p>\n<h3>Kann ich meine Pfandt\u00f6pfe im 24h Laden zur\u00fcckgeben?<\/h3>\n<p>Ja. Sie k\u00f6nnen alle Pfandt\u00f6pfe und Pfandtrays zur\u00fcckgeben. An der SBKasse ist aber die R\u00fcckgabemenge auf 20 T\u00f6pfe \/ Einkauf limitiert. Und nat\u00fcrlich macht die Kasse keine Auszahlung, d.h. um von der Gutschrift zu profitieren, m\u00fcssen Sie etwas kaufen.<\/p>\n<h3>Kann ich mit Blumen Schwarz Gutschein bezahlen?<\/h3>\n<p>Aktuell noch nicht.<\/p>\n<h3>Kann ich mit Fleurop Gutschein bezahlen?<\/h3>\n<p>Nein. Das wird nie implementiert werden.<\/p>\n<hr \/>\n<p><small><small><a id=\"INF\"><\/a>* Zur Video\u00fcberwachung: Wir speichern die Daten maximal 4 Arbeitstage. Die gespeicherten Daten werden einzig bei Diebst\u00e4hlen und Vandalismus zur Aufkl\u00e4rung verwendet und dann per Hand gesichtet. Eine permanente, personenbezogene Auswertung (Gesichtserkennung, Kundenprofile etc.) findet nicht statt. Die Video\u00fcberwachung dient alleine dem Diebstahlschutz. Die Speicherung erfolgt bei uns im Haus auf verschl\u00fcsselten Festplatten. Eine \u00dcbertragung an Cloudanbieter oder andere externe Dienstleister findet damit nicht statt. Zus\u00e4tzlich arbeiten wir, um Diebstahl zu verhindern, mit den \u00fcblichen Sicherheitstechniken: Wifi, RFID, Bluetooth und nat\u00fcrlich jede Menge Sensoren ... Alle erfassten Daten werden, au\u00dfer es besteht der Verdacht auf Diebstahl, nur maximal 4 Tage vorgehalten.<\/small><\/small><\/p>\n<p><small><small>F\u00fcr Kollegen: Wir k\u00f6nnen Ihnen leider keinen Tipp f\u00fcr Sicherheitsl\u00f6sungen und Kasse geben. Das Kassensystem ist direkt auf unser Haus zugeschnitten und kann in dieser Form nicht dupliziert werden. Wir haben uns folgende Fragen gestellt und diese, bestm\u00f6glich und datenschutzkonform, gel\u00f6st. Bei uns war das relativ einfach, weil in vielen F\u00e4llen innerhalb von 30 - 60 Sekunden jemand im 24h Laden sein kann: Wie kann ich wiederkehrende Diebe erfassen? Wie kann ich nicht bezahlte Ware erfassen? Wie kann ich die Kassenhardware sch\u00fctzen? Wie kann ich die Logindaten der Kassenhardware sch\u00fctzen? Gerne sind wir an einem Ideen- und Erfahrungsaustausch interessiert.<\/small><\/small><\/p>\n","protected":false},"excerpt":{"rendered":"<p>Hinweis: Im Raum Ansbach finden Sie unsere gesamte Landg\u00e4rtnerei in Rutzendorf 24h am Tag ge\u00f6ffnet. &hellip;<\/p>\n<p class=\"read-more\"> <a class=\" thunk-readmore button \" href=\"https:\/\/www.blumen-schwarz.de\/aktuell\/24h-laden-immer-fuer-sie-geoeffnet\/\"> <span class=\"screen-reader-text\">24h Laden - immer f\u00fcr Sie ge\u00f6ffnet<\/span>weiterlesen<\/a><\/p>\n","protected":false},"author":2,"featured_media":277775,"parent":0,"menu_order":0,"comment_status":"closed","ping_status":"closed","template":"","meta":{"inline_featured_image":false,"footnotes":""},"class_list":["post-278178","page","type-page","status-publish","has-post-thumbnail","hentry","thunk-woo-product-list","open-woo-hover-zoom","open-single-product-tab-horizontal","open-shadow-","open-shadow-hover-"],"_links":{"self":[{"href":"https:\/\/www.blumen-schwarz.de\/aktuell\/wp-json\/wp\/v2\/pages\/278178","targetHints":{"allow":["GET"]}}],"collection":[{"href":"https:\/\/www.blumen-schwarz.de\/aktuell\/wp-json\/wp\/v2\/pages"}],"about":[{"href":"https:\/\/www.blumen-schwarz.de\/aktuell\/wp-json\/wp\/v2\/types\/page"}],"author":[{"embeddable":true,"href":"https:\/\/www.blumen-schwarz.de\/aktuell\/wp-json\/wp\/v2\/users\/2"}],"replies":[{"embeddable":true,"href":"https:\/\/www.blumen-schwarz.de\/aktuell\/wp-json\/wp\/v2\/comments?post=278178"}],"version-history":[{"count":4,"href":"https:\/\/www.blumen-schwarz.de\/aktuell\/wp-json\/wp\/v2\/pages\/278178\/revisions"}],"predecessor-version":[{"id":285324,"href":"https:\/\/www.blumen-schwarz.de\/aktuell\/wp-json\/wp\/v2\/pages\/278178\/revisions\/285324"}],"wp:featuredmedia":[{"embeddable":true,"href":"https:\/\/www.blumen-schwarz.de\/aktuell\/wp-json\/wp\/v2\/media\/277775"}],"wp:attachment":[{"href":"https:\/\/www.blumen-schwarz.de\/aktuell\/wp-json\/wp\/v2\/media?parent=278178"}],"curies":[{"name":"wp","href":"https:\/\/api.w.org\/{rel}","templated":true}]}}