{"id":146,"date":"2016-11-06T00:02:08","date_gmt":"2016-11-05T23:02:08","guid":{"rendered":"https:\/\/www.blumen-schwarz.de\/aktuell\/?page_id=146"},"modified":"2025-09-12T14:28:16","modified_gmt":"2025-09-12T12:28:16","slug":"ueberwinterung","status":"publish","type":"page","link":"https:\/\/www.blumen-schwarz.de\/aktuell\/gartenbau\/ueberwinterung\/","title":{"rendered":"\u00dcberwinterung"},"content":{"rendered":"<div>\n<h1>K\u00fcbelpflanzen \u00dcberwinterung<\/h1>\n<div align=\"left\">\n<p>Seit Anfang der 70er \u00fcberwintern wir f\u00fcr unsere Kunden Ihre K\u00fcbelpflanzen. Inzwischen haben wir j\u00e4hrlich weit \u00fcber 1.000 \u00dcberwinterungsg\u00e4ste in unseren Gew\u00e4chsh\u00e4usern stehen. Teilweise stehen die K\u00fcbelpflanzen schon seit mehr als 20 Jahren den Winter \u00fcber in unserem Winterquartier.<\/p>\n<p><img loading=\"lazy\" decoding=\"async\" class=\"alignright wp-image-1579 size-medium\" src=\"https:\/\/www.blumen-schwarz.de\/aktuell\/wp-content\/uploads\/2016\/12\/IMG_0016-1-450x600.jpg\" alt=\"\" width=\"375\" height=\"500\" srcset=\"https:\/\/www.blumen-schwarz.de\/aktuell\/wp-content\/uploads\/2016\/12\/IMG_0016-1-450x600.jpg 450w, https:\/\/www.blumen-schwarz.de\/aktuell\/wp-content\/uploads\/2016\/12\/IMG_0016-1-620x827.jpg 620w, https:\/\/www.blumen-schwarz.de\/aktuell\/wp-content\/uploads\/2016\/12\/IMG_0016-1-768x1024.jpg 768w, https:\/\/www.blumen-schwarz.de\/aktuell\/wp-content\/uploads\/2016\/12\/IMG_0016-1-900x1200.jpg 900w, https:\/\/www.blumen-schwarz.de\/aktuell\/wp-content\/uploads\/2016\/12\/IMG_0016-1.jpg 810w\" sizes=\"auto, (max-width: 375px) 100vw, 375px\" \/><em>Ab der Saison 2022 \u00fcberwintern wir fast klimaneutral: Unser Strom ist <a href=\"https:\/\/www.stadtwerke-schwabach.de\/Produkte\/Strom\/Schwabach-Natur-\/\">100% \u00d6kostrom<\/a> und zur Heizung wird<a href=\"https:\/\/www.biolpg.de\"> Biolpg<\/a> eingesetzt. Einzig unsere Autos ben\u00f6tigen noch Diesel. Sobald ernstzunehmende Elektro-Transporter bezahlbar sind, werden auch hier umstellen.<\/em><\/p>\n<p>Auf dieser Seite finden Sie einige Informationen.<br \/>\n<b><br \/>\n<\/b><\/p>\n<ul>\n<li><a href=\"https:\/\/www.blumen-schwarz.de\/aktuell\/gartenbau\/ueberwinterung\/ueberwinterungsvertrag\">\u00dcberwinterungsvertrag (bitte genau lesen)<\/a><\/li>\n<li><a href=\"https:\/\/www.blumen-schwarz.de\/aktuell\/gartenbau\/ueberwinterung\/termine\/\">\u00dcberwinterungpauschale Abholtermine Saison 2025 \/ 2026 und Lieferkosten<\/a><\/li>\n<li><a href=\"https:\/\/www.blumen-schwarz.de\/aktuell\/gartenbau\/ueberwinterung\/preisliste\/\">Preisliste<\/a><\/li>\n<li><a href=\"https:\/\/www.blumen-schwarz.de\/aktuell\/gartenbau\/ueberwinterung\/zusatzkosten\/\">Preisliste Zusatzarbeiten<\/a><\/li>\n<li><a href=\"https:\/\/www.blumen-schwarz.de\/aktuell\/gartenbau\/ueberwinterung\/pflanzenliste\/\">Pflanzenliste (was k\u00f6nnen wir \u00dcberwintern, was nicht)<\/a><\/li>\n<li><a href=\"https:\/\/www.blumen-schwarz.de\/aktuell\/gartenbau\/ueberwinterung\/neukunden\/\">Neukundenannahme<\/a><\/li>\n<li><a href=\"https:\/\/www.blumen-schwarz.de\/aktuell\/start-der-ueberwinterung\/\">Ein wenig Hintergrundwissen, warum so wenig G\u00e4rtner \u00fcberwintern und warum die Preise so \"hoch\" sind<\/a><\/li>\n<li><a href=\"https:\/\/www.blumen-schwarz.de\/aktuell\/ueberwinterung-wie-geht-es-2022-weiter\/2022\/08\/\">Unsere Energiediskussionen im Sommer 2022<\/a> und der <a href=\"https:\/\/www.blumen-schwarz.de\/aktuell\/energie-unser-plan-durch-die-schwierige-zeit\/2022\/09\/\">Plan durch den ersten Energiekrisewinter<\/a><\/li>\n<\/ul>\n<p><a href=\"https:\/\/www.blumen-schwarz.de\/aktuell\/produkt\/pflanzen-ueberwinterung\/\">Zur Bestellung der \u00dcberwinterung.<\/a><\/p>\n<\/div>\n<\/div>\n","protected":false},"excerpt":{"rendered":"<p>K\u00fcbelpflanzen \u00dcberwinterung Seit Anfang der 70er \u00fcberwintern wir f\u00fcr unsere Kunden Ihre K\u00fcbelpflanzen. Inzwischen haben &hellip;<\/p>\n<p class=\"read-more\"> <a class=\" thunk-readmore button \" href=\"https:\/\/www.blumen-schwarz.de\/aktuell\/gartenbau\/ueberwinterung\/\"> <span class=\"screen-reader-text\">\u00dcberwinterung<\/span>weiterlesen<\/a><\/p>\n","protected":false},"author":1,"featured_media":1561,"parent":140,"menu_order":0,"comment_status":"closed","ping_status":"closed","template":"","meta":{"inline_featured_image":false,"footnotes":""},"class_list":["post-146","page","type-page","status-publish","has-post-thumbnail","hentry","thunk-woo-product-list","open-woo-hover-zoom","open-single-product-tab-horizontal","open-shadow-","open-shadow-hover-"],"_links":{"self":[{"href":"https:\/\/www.blumen-schwarz.de\/aktuell\/wp-json\/wp\/v2\/pages\/146","targetHints":{"allow":["GET"]}}],"collection":[{"href":"https:\/\/www.blumen-schwarz.de\/aktuell\/wp-json\/wp\/v2\/pages"}],"about":[{"href":"https:\/\/www.blumen-schwarz.de\/aktuell\/wp-json\/wp\/v2\/types\/page"}],"author":[{"embeddable":true,"href":"https:\/\/www.blumen-schwarz.de\/aktuell\/wp-json\/wp\/v2\/users\/1"}],"replies":[{"embeddable":true,"href":"https:\/\/www.blumen-schwarz.de\/aktuell\/wp-json\/wp\/v2\/comments?post=146"}],"version-history":[{"count":3,"href":"https:\/\/www.blumen-schwarz.de\/aktuell\/wp-json\/wp\/v2\/pages\/146\/revisions"}],"predecessor-version":[{"id":285788,"href":"https:\/\/www.blumen-schwarz.de\/aktuell\/wp-json\/wp\/v2\/pages\/146\/revisions\/285788"}],"up":[{"embeddable":true,"href":"https:\/\/www.blumen-schwarz.de\/aktuell\/wp-json\/wp\/v2\/pages\/140"}],"wp:featuredmedia":[{"embeddable":true,"href":"https:\/\/www.blumen-schwarz.de\/aktuell\/wp-json\/wp\/v2\/media\/1561"}],"wp:attachment":[{"href":"https:\/\/www.blumen-schwarz.de\/aktuell\/wp-json\/wp\/v2\/media?parent=146"}],"curies":[{"name":"wp","href":"https:\/\/api.w.org\/{rel}","templated":true}]}}