{"id":134,"date":"2016-11-05T23:55:06","date_gmt":"2016-11-05T22:55:06","guid":{"rendered":"https:\/\/www.blumen-schwarz.de\/aktuell\/?page_id=134"},"modified":"2024-10-23T18:34:26","modified_gmt":"2024-10-23T16:34:26","slug":"trauerfloristik","status":"publish","type":"page","link":"https:\/\/www.blumen-schwarz.de\/aktuell\/floristik\/trauerfloristik\/","title":{"rendered":"Trauerfloristik"},"content":{"rendered":"<p><a href=\"https:\/\/www.blumen-schwarz.de\/aktuell\/wp-content\/uploads\/2017\/01\/P1010081_v1.jpg\"><img loading=\"lazy\" decoding=\"async\" class=\"alignright size-thumbnail wp-image-3990\" src=\"https:\/\/www.blumen-schwarz.de\/aktuell\/wp-content\/uploads\/2017\/01\/P1010081_v1-150x150.jpg\" alt=\"\" width=\"150\" height=\"150\" srcset=\"https:\/\/www.blumen-schwarz.de\/aktuell\/wp-content\/uploads\/2017\/01\/P1010081_v1-150x150.jpg 150w, https:\/\/www.blumen-schwarz.de\/aktuell\/wp-content\/uploads\/2017\/01\/P1010081_v1-100x100.jpg 100w\" sizes=\"auto, (max-width: 150px) 100vw, 150px\" \/><\/a><br \/>\nAbschied zu nehmen geh\u00f6rt untrennbar zu unserem Leben. Wir leben jedoch in einer Zeit, in der wir mit diesem Thema nur schwer umgehen k\u00f6nnen. Pl\u00f6tzlich und oft ganz unvermittelt, wird ein nahestehender Mensch aus unserer Mitte gerissen.<br \/>\nIn dieser schweren Zeit ist sensible und individuelle Hilfe und Beratung besonders wichtig. Wir helfen Ihnen gerne weiter.<\/p>\n<h4>Pers\u00f6nliche Beratung<\/h4>\n<p>Auf pers\u00f6nliche Beratung legen wir ganz besonderen Wert. Wir besprechen gemeinsam mit Ihnen die Gestaltung des Blumenschmuckes f\u00fcr die Bestattung. Die Verwendung von umweltfreundlichen und kompostierbaren Materialien ist f\u00fcr uns selbstverst\u00e4ndlich. Wir haben eine ruhige Beratungsecke in unserem Laden vorgesehen.<\/p>\n<h4><div class=\"menu-trauer-container\"><ul id=\"Trauer\" class=\"menu\"><li id=\"menu-item-3668\" class=\"menu-item menu-item-type-custom menu-item-object-custom menu-item-home menu-item-3668\"><a href=\"https:\/\/www.blumen-schwarz.de\/aktuell\/\">Startseite<\/a><\/li>\n<li id=\"menu-item-3702\" class=\"menu-item menu-item-type-post_type menu-item-object-page menu-item-has-children menu-item-3702\"><a href=\"https:\/\/www.blumen-schwarz.de\/aktuell\/floristik\/trauerfloristik\/trauerkraenze\/\">Blumengaben<\/a>\n<ul class=\"sub-menu\">\n\t<li id=\"menu-item-3703\" class=\"menu-item menu-item-type-custom menu-item-object-custom menu-item-3703\"><a href=\"https:\/\/www.blumen-schwarz.de\/aktuell\/floristik\/trauerfloristik\/Trauerkraenze\/1\/\">rundgesteckte Kr\u00e4nze<\/a><\/li>\n\t<li id=\"menu-item-3704\" class=\"menu-item menu-item-type-custom menu-item-object-custom menu-item-3704\"><a href=\"https:\/\/www.blumen-schwarz.de\/aktuell\/floristik\/trauerfloristik\/Trauerkraenze\/2\/\">gepflanzte Kr\u00e4nze<\/a><\/li>\n\t<li id=\"menu-item-3705\" class=\"menu-item menu-item-type-custom menu-item-object-custom menu-item-3705\"><a href=\"https:\/\/www.blumen-schwarz.de\/aktuell\/floristik\/trauerfloristik\/Trauerkraenze\/3\/\">klassische Kr\u00e4nze<\/a><\/li>\n\t<li id=\"menu-item-3696\" class=\"menu-item menu-item-type-post_type menu-item-object-page menu-item-3696\"><a href=\"https:\/\/www.blumen-schwarz.de\/aktuell\/floristik\/trauerfloristik\/kreuze-herzen\/\">Kreuze, Herzen<\/a><\/li>\n\t<li id=\"menu-item-3697\" class=\"menu-item menu-item-type-post_type menu-item-object-page menu-item-3697\"><a href=\"https:\/\/www.blumen-schwarz.de\/aktuell\/floristik\/trauerfloristik\/blumenbuketts\/\">Blumenbuketts<\/a><\/li>\n\t<li id=\"menu-item-3725\" class=\"menu-item menu-item-type-custom menu-item-object-custom menu-item-3725\"><a href=\"https:\/\/www.blumen-schwarz.de\/aktuell\/floristik\/trauerfloristik\/trauerfloristik-im-winter\/\">im Winter<\/a><\/li>\n<\/ul>\n<\/li>\n<li id=\"menu-item-3698\" class=\"menu-item menu-item-type-post_type menu-item-object-page menu-item-has-children menu-item-3698\"><a href=\"https:\/\/www.blumen-schwarz.de\/aktuell\/floristik\/trauerfloristik\/sargschmuck\/\">Sargschmuck<\/a>\n<ul class=\"sub-menu\">\n\t<li id=\"menu-item-3708\" class=\"menu-item menu-item-type-custom menu-item-object-custom menu-item-3708\"><a href=\"https:\/\/www.blumen-schwarz.de\/aktuell\/floristik\/trauerfloristik\/sargschmuck\/1\/\">au\u00dfergew\u00f6hnlich<\/a><\/li>\n\t<li id=\"menu-item-3709\" class=\"menu-item menu-item-type-custom menu-item-object-custom menu-item-3709\"><a href=\"https:\/\/www.blumen-schwarz.de\/aktuell\/floristik\/trauerfloristik\/sargschmuck\/2\/\">klassisch<\/a><\/li>\n<\/ul>\n<\/li>\n<li id=\"menu-item-3695\" class=\"menu-item menu-item-type-post_type menu-item-object-page menu-item-3695\"><a href=\"https:\/\/www.blumen-schwarz.de\/aktuell\/floristik\/trauerfloristik\/urnenschmuck\/\">Urnenschmuck<\/a><\/li>\n<li id=\"menu-item-3706\" class=\"menu-item menu-item-type-custom menu-item-object-custom menu-item-has-children menu-item-3706\"><a href=\"https:\/\/www.blumen-schwarz.de\/aktuell\/floristik\/trauerfloristik\/kapellendekoration\/\">Dekoration<\/a>\n<ul class=\"sub-menu\">\n\t<li id=\"menu-item-3694\" class=\"menu-item menu-item-type-post_type menu-item-object-page menu-item-3694\"><a href=\"https:\/\/www.blumen-schwarz.de\/aktuell\/floristik\/trauerfloristik\/kapellendekoration\/\">Kapellendekoration<\/a><\/li>\n\t<li id=\"menu-item-3693\" class=\"menu-item menu-item-type-post_type menu-item-object-page menu-item-3693\"><a href=\"https:\/\/www.blumen-schwarz.de\/aktuell\/floristik\/trauerfloristik\/grabdekoration\/\">Grabdekoration<\/a><\/li>\n\t<li id=\"menu-item-3692\" class=\"menu-item menu-item-type-post_type menu-item-object-page menu-item-3692\"><a href=\"https:\/\/www.blumen-schwarz.de\/aktuell\/floristik\/trauerfloristik\/ausgefallene-trauerbinderei\/\">ausgefallene Trauerbinderei<\/a><\/li>\n<\/ul>\n<\/li>\n<li id=\"menu-item-3707\" class=\"menu-item menu-item-type-custom menu-item-object-custom menu-item-has-children menu-item-3707\"><a href=\"https:\/\/www.blumen-schwarz.de\/aktuell\/floristik\/trauerfloristik\/trauerschleifen\/\">weitere Informationen<\/a>\n<ul class=\"sub-menu\">\n\t<li id=\"menu-item-3849\" class=\"menu-item menu-item-type-post_type menu-item-object-page menu-item-3849\"><a href=\"https:\/\/www.blumen-schwarz.de\/aktuell\/floristik\/trauerfloristik\/service\/\">Service<\/a><\/li>\n\t<li id=\"menu-item-3701\" class=\"menu-item menu-item-type-post_type menu-item-object-page menu-item-3701\"><a href=\"https:\/\/www.blumen-schwarz.de\/aktuell\/floristik\/trauerfloristik\/trauerschleifen\/\">Trauerschleifen<\/a><\/li>\n\t<li id=\"menu-item-3700\" class=\"menu-item menu-item-type-post_type menu-item-object-page menu-item-3700\"><a href=\"https:\/\/www.blumen-schwarz.de\/aktuell\/floristik\/trauerfloristik\/trauerbraeuche\/\">Trauerbr\u00e4uche<\/a><\/li>\n\t<li id=\"menu-item-3691\" class=\"menu-item menu-item-type-post_type menu-item-object-page menu-item-3691\"><a href=\"https:\/\/www.blumen-schwarz.de\/aktuell\/floristik\/trauerfloristik\/friedhofskapellen-und-plan\/\">Friedhofskapellen und Plan<\/a><\/li>\n<\/ul>\n<\/li>\n<\/ul><\/div><\/h4>\n<p>&nbsp;<\/p>\n<p>Weitere Informationen (wie auch Bildbeispiele) zum Thema Grabpflege, Grabneuanlagen, Gie\u00dfdienst etc. <a href=\"https:\/\/www.blumen-schwarz.de\/gartenbau\/grabpflege\/\">finden Sie hier<\/a>.<\/p>\n<p>Falls Sie sich offline durch unser Trauerfloristikbuch lesen wollen, haben <a href=\"https:\/\/www.blumen-schwarz.de\/floristik\/trauerfloristik\/trauerschmuck_2008.pdf\">wir hier die PDF Datei<\/a> f\u00fcr Sie (Dateigr\u00f6\u00dfe etwa 15 MB - zum lesen der Datei ben\u00f6tigen Sie den Acrobat Reader, KPDF, Ghostview oder \u00e4hnliche Software).<\/p>\n<p><span style=\"font-size: 1pt;\">Beerdigung, Bestattung, Tod, Ein\u00e4scherung, Trauerfeier<\/span><\/p>\n","protected":false},"excerpt":{"rendered":"<p>Abschied zu nehmen geh\u00f6rt untrennbar zu unserem Leben. Wir leben jedoch in einer Zeit, in &hellip;<\/p>\n<p class=\"read-more\"> <a class=\" thunk-readmore button \" href=\"https:\/\/www.blumen-schwarz.de\/aktuell\/floristik\/trauerfloristik\/\"> <span class=\"screen-reader-text\">Trauerfloristik<\/span>weiterlesen<\/a><\/p>\n","protected":false},"author":1,"featured_media":3764,"parent":130,"menu_order":0,"comment_status":"closed","ping_status":"closed","template":"","meta":{"inline_featured_image":false,"footnotes":""},"class_list":["post-134","page","type-page","status-publish","has-post-thumbnail","hentry","thunk-woo-product-list","open-woo-hover-zoom","open-single-product-tab-horizontal","open-shadow-","open-shadow-hover-"],"_links":{"self":[{"href":"https:\/\/www.blumen-schwarz.de\/aktuell\/wp-json\/wp\/v2\/pages\/134","targetHints":{"allow":["GET"]}}],"collection":[{"href":"https:\/\/www.blumen-schwarz.de\/aktuell\/wp-json\/wp\/v2\/pages"}],"about":[{"href":"https:\/\/www.blumen-schwarz.de\/aktuell\/wp-json\/wp\/v2\/types\/page"}],"author":[{"embeddable":true,"href":"https:\/\/www.blumen-schwarz.de\/aktuell\/wp-json\/wp\/v2\/users\/1"}],"replies":[{"embeddable":true,"href":"https:\/\/www.blumen-schwarz.de\/aktuell\/wp-json\/wp\/v2\/comments?post=134"}],"version-history":[{"count":0,"href":"https:\/\/www.blumen-schwarz.de\/aktuell\/wp-json\/wp\/v2\/pages\/134\/revisions"}],"up":[{"embeddable":true,"href":"https:\/\/www.blumen-schwarz.de\/aktuell\/wp-json\/wp\/v2\/pages\/130"}],"wp:featuredmedia":[{"embeddable":true,"href":"https:\/\/www.blumen-schwarz.de\/aktuell\/wp-json\/wp\/v2\/media\/3764"}],"wp:attachment":[{"href":"https:\/\/www.blumen-schwarz.de\/aktuell\/wp-json\/wp\/v2\/media?parent=134"}],"curies":[{"name":"wp","href":"https:\/\/api.w.org\/{rel}","templated":true}]}}